{"id":108,"date":"2021-06-10T18:09:30","date_gmt":"2021-06-10T16:09:30","guid":{"rendered":"http:\/\/www.behardoo.ba\/?post_type=product&#038;p=108"},"modified":"2025-09-22T11:04:41","modified_gmt":"2025-09-22T09:04:41","slug":"geotox-za-insekte-1kg","status":"publish","type":"product","link":"https:\/\/www.behardoo.ba\/index.php\/product\/geotox-za-insekte-1kg\/","title":{"rendered":"Geotox za insekte 1kg"},"content":{"rendered":"<p><span style=\"color: #ff0000; font-size: large;\"><strong>Geotox za insekte 1kg<\/strong><\/span><\/p>\n<div><span style=\"color: #ff0000; font-size: medium;\"><b>GEOTOX<\/b><\/span><span style=\"font-size: medium;\"> je insekticid u obliku mikrogranularnog praha, spreman za upotrebu, sa jakim produ\u017eenim djelovanjem, prikladan za borbu protiv gmi\u017eu\u0107ih i lete\u0107ih insekata kao \u0161to su: \u017eohari, mravi, buhe, muhe, mu\u0161ice, komja\u0161i, uhola\u017ee (u stanju larve, ili u i\u0161\u0107ekivanju otvaranja), krpelji i pauci. Posebno je efikasan protiv svih vrsta mrava.<\/span><\/div>\n<div><\/div>\n<div>\n<div><b><span style=\"font-size: large;\">Doziranje i na\u010din upotrebe:<\/span><\/b><\/div>\n<div><\/div>\n<div><b><span style=\"font-size: large;\">Objekti za \u017eivotinje<\/span><\/b><\/div>\n<div><b><span style=\"font-size: large;\"><span style=\"color: #ff0000;\">GEOTOX<\/span> <\/span><\/b><span style=\"font-size: large;\">je<\/span><b> <\/b><span style=\"font-size: large;\">proizvod posebno namjenjen za deratizaciju objekata podobnih za smje\u0161taj \u017eivotinja. Provesti tretman u objektima u kojima borave goveda, perad, svinje, doma\u0107e \u017eivotinje kao psi i ma\u010dke.<\/span><\/div>\n<div><b><span style=\"font-size: large;\">\u00a0<\/span><\/b><\/div>\n<div><b><span style=\"font-size: large;\">U doma\u0107instvima<\/span><\/b><\/div>\n<div><b><span style=\"font-size: large;\"><span style=\"color: #ff0000;\">GEOTOX<\/span> <\/span><\/b><span style=\"font-size: large;\">se savjetuje za deratizaciju u doma\u0107instvu, za potkrovlja, kantine i ostave, djeluju\u0107i na parazite koji se mogu prikriti u njima. Koristi se na na\u010din da se proizvod ravnomjerno primjeni na zaga\u0111ene povr\u0161ine, vode\u0107i ra\u010duna da se izbjegne trovanje namjernica, napitaka, ili ambala\u017ee sa prehrambenim namjernicama. Koristi se na pragovnima, u vrtovima, ba\u0161tama, stazama, mravnjacima na travnjacima, podru\u010diju ispod biljaka&#8230; Primjenjuje se zapra\u0161ivanjem izravno na povr\u0161inu u koli\u010dini 15-20 g\/m2<\/span><\/div>\n<div><b><span style=\"font-size: large;\">\u00a0<\/span><\/b><\/div>\n<div><b><span style=\"font-size: large;\">Javni objekti<\/span><\/b><\/div>\n<div><b><span style=\"font-size: large;\"><span style=\"color: #ff0000;\">GEOTOX<\/span> <\/span><\/b><span style=\"font-size: large;\">se primjenjuje sa dobrim rezultatima tako\u0111er u javnim i industrijskim zgradama, \u0161kolama, bolnicama, skladi\u0161tima, hotelima, kampovima, smetlji\u0161tima, odlagali\u0161tima otpada, u prijevoznim sredstvima poput \u017eeljezni\u010dkih vagona i autobusa, itd. Prilikom tretmana zatvorenih prostora, \u0161etali\u0161ta, pristupnih puteva travnom pokriva\u010du, polagati <span style=\"color: #ff0000;\"><b>GEOTOX<\/b><\/span> u linijama razmaka 3-5 cm, du\u017e rubova povr\u0161ine, na kojoj je uo\u010deno prisustvo insekata u koli\u010dini 15-20 g\/m2<\/span><b><span style=\"font-size: large;\"><br \/>\n<\/span><\/b><\/div>\n<\/div>\n","protected":false},"excerpt":{"rendered":"<p><span style=\"color: #ff0000; font-size: large;\"><strong>Geotox za insekte 1kg<\/strong><\/span><\/p>\n<div><span style=\"color: #ff0000; font-size: medium;\"><b>GEOTOX<\/b><\/span><span style=\"font-size: medium;\"> je insekticid u obliku mikrogranularnog praha, spreman za upotrebu, sa jakim produ\u017eenim djelovanjem, prikladan za borbu protiv gmi\u017eu\u0107ih i lete\u0107ih insekata kao \u0161to su: \u017eohari, mravi, buhe, muhe, mu\u0161ice, komja\u0161i, uhola\u017ee (u stanju larve, ili u i\u0161\u0107ekivanju otvaranja), krpelji i pauci. Posebno je efikasan protiv svih vrsta mrava.<\/span><\/div>\n<a href=\"https:\/\/www.behardoo.ba\/index.php\/product\/geotox-za-insekte-1kg\/\" class=\"btn frontech-btn\"><span><\/span>Detalji<\/a>","protected":false},"featured_media":109,"template":"","meta":[],"product_brand":[1138],"product_cat":[351,50,402,352],"product_tag":[186,27,679,226,462,343,286,285,137,396,388,310,425,235,319,441,200,98,251,133,224,359,135,47,138,1075,1076,393,395,136,129,41,40,399,43,401,570,772,54,678,400,134,272,426,1139,139,394,94,84,83],"class_list":{"0":"post-108","1":"product","2":"type-product","3":"status-publish","4":"has-post-thumbnail","6":"product_brand-kollant","7":"product_cat-deratizacija","8":"product_cat-insekticidi","9":"product_cat-insekticidi-zastita_bilja","10":"product_cat-zastita_bilja","11":"product_tag-agrar","12":"product_tag-agro","13":"product_tag-apoteka","14":"product_tag-behar","15":"product_tag-behardoo","16":"product_tag-bih","17":"product_tag-bosna","18":"product_tag-bosnia","19":"product_tag-buhe","20":"product_tag-chem","21":"product_tag-chemical","22":"product_tag-d-o-o","23":"product_tag-ddd","24":"product_tag-deratizacija","25":"product_tag-doo","26":"product_tag-dostava","27":"product_tag-farm","28":"product_tag-farma","29":"product_tag-farmer","30":"product_tag-geotox","31":"product_tag-hemija","32":"product_tag-hercegovina","33":"product_tag-insekti","34":"product_tag-insekticid","35":"product_tag-komjasi","36":"product_tag-krpelj","37":"product_tag-krpelja","38":"product_tag-kupi","39":"product_tag-maloprodaja","40":"product_tag-mravi","41":"product_tag-muha","42":"product_tag-muhe","43":"product_tag-musice","44":"product_tag-naruci","45":"product_tag-odvod","46":"product_tag-online","47":"product_tag-poljo","48":"product_tag-poljoapoteka","49":"product_tag-poljoprivreda","50":"product_tag-poljoprivredna","51":"product_tag-poruci","52":"product_tag-prah","53":"product_tag-sarajevo","54":"product_tag-shop","55":"product_tag-uholaza","56":"product_tag-uholaze","57":"product_tag-veleprodaja","58":"product_tag-zastita","59":"product_tag-zohar","60":"product_tag-zohari","62":"first","63":"instock","64":"shipping-taxable","65":"product-type-external"},"jetpack_sharing_enabled":true,"_links":{"self":[{"href":"https:\/\/www.behardoo.ba\/index.php\/wp-json\/wp\/v2\/product\/108","targetHints":{"allow":["GET"]}}],"collection":[{"href":"https:\/\/www.behardoo.ba\/index.php\/wp-json\/wp\/v2\/product"}],"about":[{"href":"https:\/\/www.behardoo.ba\/index.php\/wp-json\/wp\/v2\/types\/product"}],"wp:featuredmedia":[{"embeddable":true,"href":"https:\/\/www.behardoo.ba\/index.php\/wp-json\/wp\/v2\/media\/109"}],"wp:attachment":[{"href":"https:\/\/www.behardoo.ba\/index.php\/wp-json\/wp\/v2\/media?parent=108"}],"wp:term":[{"taxonomy":"product_brand","embeddable":true,"href":"https:\/\/www.behardoo.ba\/index.php\/wp-json\/wp\/v2\/product_brand?post=108"},{"taxonomy":"product_cat","embeddable":true,"href":"https:\/\/www.behardoo.ba\/index.php\/wp-json\/wp\/v2\/product_cat?post=108"},{"taxonomy":"product_tag","embeddable":true,"href":"https:\/\/www.behardoo.ba\/index.php\/wp-json\/wp\/v2\/product_tag?post=108"}],"curies":[{"name":"wp","href":"https:\/\/api.w.org\/{rel}","templated":true}]}}