{"id":151,"date":"2021-10-13T12:17:43","date_gmt":"2021-10-13T10:17:43","guid":{"rendered":"http:\/\/www.behardoo.ba\/?post_type=product&#038;p=151"},"modified":"2023-01-23T16:30:30","modified_gmt":"2023-01-23T15:30:30","slug":"detia-deratizacijska-kutija-velika","status":"publish","type":"product","link":"https:\/\/www.behardoo.ba\/index.php\/product\/detia-deratizacijska-kutija-velika\/","title":{"rendered":"Detia Deratizacijska Kutija Velika"},"content":{"rendered":"<h2><strong>Detia Deratizacijska Kutija Velika<br \/>\n<\/strong><\/h2>\n<p><span class=\"VIiyi\" lang=\"bs\"> * <span class=\"JLqJ4b ChMk0b\" data-language-for-alternatives=\"bs\" data-language-to-translate-into=\"de\" data-phrase-index=\"2\" data-number-of-phrases=\"12\">Mo\u017ee se zatvoriti sa strane;<\/span><br \/>\n<\/span><span class=\"VIiyi\" lang=\"bs\"><span class=\"JLqJ4b ChMk0b\" data-language-for-alternatives=\"bs\" data-language-to-translate-into=\"de\" data-phrase-index=\"3\" data-number-of-phrases=\"12\">* Poklopac se skida;<\/span> <span class=\"JLqJ4b ChMk0b\" data-language-for-alternatives=\"bs\" data-language-to-translate-into=\"de\" data-phrase-index=\"4\" data-number-of-phrases=\"12\">dva skladi\u0161ta hrane<\/span> <span class=\"JLqJ4b ChMk0b\" data-language-for-alternatives=\"bs\" data-language-to-translate-into=\"de\" data-phrase-index=\"6\" data-number-of-phrases=\"12\">Mogu\u0107e pri\u010dvr\u0161\u0107ivanje na pod;<\/span> <span class=\"JLqJ4b ChMk0b\" data-language-for-alternatives=\"bs\" data-language-to-translate-into=\"de\" data-phrase-index=\"7\" data-number-of-phrases=\"12\">zaklju\u010davaju se pomo\u0107u kabelskih vezica<\/span> koje do\u0111u uz kutiju<br \/>\n* Uklju\u010duje i \u017eicu za parafinski blok<br \/>\n<\/span><span class=\"VIiyi\" lang=\"bs\"><span class=\"JLqJ4b ChMk0b\" data-language-for-alternatives=\"bs\" data-language-to-translate-into=\"de\" data-phrase-index=\"9\" data-number-of-phrases=\"12\">* Dimenzije: 32 x 22 x 12 cm<\/span><br \/>\n<\/span><\/p>\n<p>Deratizacijska kutija se koristi za sigurno postavljanje otrova za sve vrste glodara i ostalih nametnika. Sadr\u017ei vi\u0161e komora za plasiranje otrova i hrane. Dizajnirana je tako da \u0161teto\u010dina ugine unutar kutije kako bi se sigurno otklonilo sa tretiranog podru\u010dija.<\/p>\n","protected":false},"excerpt":{"rendered":"<h2><strong>Detia Deratizacijska Kutija Velika<br \/>\n<\/strong><\/h2>\n<p>Deratizacijska kutija se koristi za sigurno postavljanje otrova za sve vrste glodara i ostalih nametnika. Sadr\u017ei vi\u0161e komora za plasiranje otrova i hrane. Dizajnirana je tako da \u0161teto\u010dina ugine unutar kutije kako bi se sigurno otklonilo sa tretiranog podru\u010dija.<\/p>\n<p><span class=\"VIiyi\" lang=\"bs\">* <span class=\"JLqJ4b ChMk0b\" data-language-for-alternatives=\"bs\" data-language-to-translate-into=\"de\" data-phrase-index=\"2\" data-number-of-phrases=\"12\">Mo\u017ee se zatvoriti sa strane;<\/span><br \/>\n<\/span><span class=\"VIiyi\" lang=\"bs\"><span class=\"JLqJ4b ChMk0b\" data-language-for-alternatives=\"bs\" data-language-to-translate-into=\"de\" data-phrase-index=\"3\" data-number-of-phrases=\"12\">* Poklopac se skida;<\/span> <span class=\"JLqJ4b ChMk0b\" data-language-for-alternatives=\"bs\" data-language-to-translate-into=\"de\" data-phrase-index=\"4\" data-number-of-phrases=\"12\">dva skladi\u0161ta hrane<\/span> <span class=\"JLqJ4b ChMk0b\" data-language-for-alternatives=\"bs\" data-language-to-translate-into=\"de\" data-phrase-index=\"6\" data-number-of-phrases=\"12\">Mogu\u0107e pri\u010dvr\u0161\u0107ivanje na pod;<\/span> <span class=\"JLqJ4b ChMk0b\" data-language-for-alternatives=\"bs\" data-language-to-translate-into=\"de\" data-phrase-index=\"7\" data-number-of-phrases=\"12\">zaklju\u010davaju se pomo\u0107u kabelskih vezica<\/span> koje do\u0111u uz kutiju<br \/>\n* Uklju\u010duje i \u017eicu za parafinski blok<br \/>\n<\/span><span class=\"VIiyi\" lang=\"bs\"><span class=\"JLqJ4b ChMk0b\" data-language-for-alternatives=\"bs\" data-language-to-translate-into=\"de\" data-phrase-index=\"9\" data-number-of-phrases=\"12\">* Dimenzije: 32 x 22 x 12 cm<\/span> <\/span><\/p>\n<a href=\"https:\/\/www.behardoo.ba\/index.php\/product\/detia-deratizacijska-kutija-velika\/\" class=\"btn frontech-btn\"><span><\/span>Detalji<\/a>","protected":false},"featured_media":152,"template":"","meta":[],"product_brand":[],"product_cat":[57,120,58],"product_tag":[226,62,60,235,288,59,292,294,297,289,77,295,67,71,68,61,293,291,272,290,298,296],"class_list":{"0":"post-151","1":"product","2":"type-product","3":"status-publish","4":"has-post-thumbnail","6":"product_cat-detia-program","7":"product_cat-ostali-proizvodi","8":"product_cat-rodenticidi","9":"product_tag-behar","10":"product_tag-blok","11":"product_tag-degesch","12":"product_tag-deratizacija","13":"product_tag-deratizacijska","14":"product_tag-detia","15":"product_tag-gamad","16":"product_tag-germany","17":"product_tag-kljuc","18":"product_tag-kutija","19":"product_tag-mamak","20":"product_tag-mehki","21":"product_tag-misevi","22":"product_tag-njemacka","23":"product_tag-pacovi","24":"product_tag-parafinski","25":"product_tag-rodent","26":"product_tag-rodenticidi","27":"product_tag-sarajevo","28":"product_tag-velika","29":"product_tag-vezice","30":"product_tag-zica","32":"first","33":"instock","34":"shipping-taxable","35":"product-type-external"},"jetpack_sharing_enabled":true,"_links":{"self":[{"href":"https:\/\/www.behardoo.ba\/index.php\/wp-json\/wp\/v2\/product\/151","targetHints":{"allow":["GET"]}}],"collection":[{"href":"https:\/\/www.behardoo.ba\/index.php\/wp-json\/wp\/v2\/product"}],"about":[{"href":"https:\/\/www.behardoo.ba\/index.php\/wp-json\/wp\/v2\/types\/product"}],"wp:featuredmedia":[{"embeddable":true,"href":"https:\/\/www.behardoo.ba\/index.php\/wp-json\/wp\/v2\/media\/152"}],"wp:attachment":[{"href":"https:\/\/www.behardoo.ba\/index.php\/wp-json\/wp\/v2\/media?parent=151"}],"wp:term":[{"taxonomy":"product_brand","embeddable":true,"href":"https:\/\/www.behardoo.ba\/index.php\/wp-json\/wp\/v2\/product_brand?post=151"},{"taxonomy":"product_cat","embeddable":true,"href":"https:\/\/www.behardoo.ba\/index.php\/wp-json\/wp\/v2\/product_cat?post=151"},{"taxonomy":"product_tag","embeddable":true,"href":"https:\/\/www.behardoo.ba\/index.php\/wp-json\/wp\/v2\/product_tag?post=151"}],"curies":[{"name":"wp","href":"https:\/\/api.w.org\/{rel}","templated":true}]}}