{"id":154,"date":"2021-10-13T12:33:49","date_gmt":"2021-10-13T10:33:49","guid":{"rendered":"http:\/\/www.behardoo.ba\/?post_type=product&#038;p=154"},"modified":"2021-10-13T12:33:49","modified_gmt":"2021-10-13T10:33:49","slug":"deratizacijska-kutija-mala-block-box","status":"publish","type":"product","link":"https:\/\/www.behardoo.ba\/index.php\/product\/deratizacijska-kutija-mala-block-box\/","title":{"rendered":"Deratizacijska Kutija Mala Block Box"},"content":{"rendered":"<h2><strong>Deratizacijska Kutija Mala Block Box<\/strong><\/h2>\n<p><span class=\"VIiyi\" lang=\"bs\">* <span class=\"JLqJ4b ChMk0b\" data-language-for-alternatives=\"bs\" data-language-to-translate-into=\"de\" data-phrase-index=\"2\" data-number-of-phrases=\"12\">Mo\u017ee se zatvoriti sa klju\u010dem<\/span><br \/>\n<\/span><span class=\"VIiyi\" lang=\"bs\"><span class=\"JLqJ4b ChMk0b\" data-language-for-alternatives=\"bs\" data-language-to-translate-into=\"de\" data-phrase-index=\"3\" data-number-of-phrases=\"12\">* D<\/span><span class=\"JLqJ4b ChMk0b\" data-language-for-alternatives=\"bs\" data-language-to-translate-into=\"de\" data-phrase-index=\"4\" data-number-of-phrases=\"12\">va skladi\u0161ta hrane<br \/>\n* <\/span><span class=\"JLqJ4b ChMk0b\" data-language-for-alternatives=\"bs\" data-language-to-translate-into=\"de\" data-phrase-index=\"6\" data-number-of-phrases=\"12\">Mogu\u0107e pri\u010dvr\u0161\u0107ivanje na pod;<\/span> <span class=\"JLqJ4b ChMk0b\" data-language-for-alternatives=\"bs\" data-language-to-translate-into=\"de\" data-phrase-index=\"7\" data-number-of-phrases=\"12\">zaklju\u010davaju se pomo\u0107u klju\u010da koji do\u0111e<\/span> uz kutiju<br \/>\n<\/span><span class=\"VIiyi\" lang=\"bs\"><span class=\"JLqJ4b ChMk0b\" data-language-for-alternatives=\"bs\" data-language-to-translate-into=\"de\" data-phrase-index=\"9\" data-number-of-phrases=\"12\">* Dimenzije: 12,5 x 9,5 x 4,5 cm<\/span><br \/>\n<\/span><\/p>\n<p>Deratizacijska kutija se koristi za sigurno postavljanje otrova za sve vrste glodara i ostalih nametnika. Sadr\u017ei vi\u0161e komora za plasiranje otrova i hrane. Dizajnirana je tako da \u0161teto\u010dina ugine unutar kutije kako bi se sigurno otklonilo sa tretiranog podru\u010dija.<\/p>\n","protected":false},"excerpt":{"rendered":"<h2><strong>Deratizacijska Kutija Mala Block Box<\/strong><\/h2>\n<p>Deratizacijska kutija se koristi za sigurno postavljanje otrova za sve vrste glodara i ostalih nametnika. Sadr\u017ei vi\u0161e komora za plasiranje otrova i hrane. Dizajnirana je tako da \u0161teto\u010dina ugine unutar kutije kako bi se sigurno otklonilo sa tretiranog podru\u010dija.<\/p>\n<p><span class=\"VIiyi\" lang=\"bs\">* <span class=\"JLqJ4b ChMk0b\" data-language-for-alternatives=\"bs\" data-language-to-translate-into=\"de\" data-phrase-index=\"2\" data-number-of-phrases=\"12\">Mo\u017ee se zatvoriti sa klju\u010dem<\/span><br \/>\n<\/span><span class=\"VIiyi\" lang=\"bs\"><span class=\"JLqJ4b ChMk0b\" data-language-for-alternatives=\"bs\" data-language-to-translate-into=\"de\" data-phrase-index=\"3\" data-number-of-phrases=\"12\">* D<\/span><span class=\"JLqJ4b ChMk0b\" data-language-for-alternatives=\"bs\" data-language-to-translate-into=\"de\" data-phrase-index=\"4\" data-number-of-phrases=\"12\">va skladi\u0161ta hrane<br \/>\n* <\/span><span class=\"JLqJ4b ChMk0b\" data-language-for-alternatives=\"bs\" data-language-to-translate-into=\"de\" data-phrase-index=\"6\" data-number-of-phrases=\"12\">Mogu\u0107e pri\u010dvr\u0161\u0107ivanje na pod;<\/span> <span class=\"JLqJ4b ChMk0b\" data-language-for-alternatives=\"bs\" data-language-to-translate-into=\"de\" data-phrase-index=\"7\" data-number-of-phrases=\"12\">zaklju\u010davaju se pomo\u0107u klju\u010da koji do\u0111e<\/span> uz kutiju<br \/>\n<\/span><span class=\"VIiyi\" lang=\"bs\"><span class=\"JLqJ4b ChMk0b\" data-language-for-alternatives=\"bs\" data-language-to-translate-into=\"de\" data-phrase-index=\"9\" data-number-of-phrases=\"12\">* Dimenzije: 12,5 x 9,5 x 4,5 cm<\/span><\/span><\/p>\n<a href=\"https:\/\/www.behardoo.ba\/index.php\/product\/deratizacijska-kutija-mala-block-box\/\" class=\"btn frontech-btn\"><span><\/span>Detalji<\/a>","protected":false},"featured_media":155,"template":"","meta":[],"product_brand":[],"product_cat":[57,120,58],"product_tag":[226,63,62,300,60,235,288,59,302,297,289,299,77,295,67,303,68,61,75,272,304,301,296],"class_list":{"0":"post-154","1":"product","2":"type-product","3":"status-publish","4":"has-post-thumbnail","6":"product_cat-detia-program","7":"product_cat-ostali-proizvodi","8":"product_cat-rodenticidi","9":"product_tag-behar","10":"product_tag-block","11":"product_tag-blok","12":"product_tag-box","13":"product_tag-degesch","14":"product_tag-deratizacija","15":"product_tag-deratizacijska","16":"product_tag-detia","17":"product_tag-glodari","18":"product_tag-kljuc","19":"product_tag-kutija","20":"product_tag-mala","21":"product_tag-mamak","22":"product_tag-mehki","23":"product_tag-misevi","24":"product_tag-otrovi","25":"product_tag-pacovi","26":"product_tag-parafinski","27":"product_tag-pasta","28":"product_tag-sarajevo","29":"product_tag-sigurno","30":"product_tag-stakori","31":"product_tag-zica","33":"first","34":"instock","35":"shipping-taxable","36":"product-type-external"},"jetpack_sharing_enabled":true,"_links":{"self":[{"href":"https:\/\/www.behardoo.ba\/index.php\/wp-json\/wp\/v2\/product\/154","targetHints":{"allow":["GET"]}}],"collection":[{"href":"https:\/\/www.behardoo.ba\/index.php\/wp-json\/wp\/v2\/product"}],"about":[{"href":"https:\/\/www.behardoo.ba\/index.php\/wp-json\/wp\/v2\/types\/product"}],"wp:featuredmedia":[{"embeddable":true,"href":"https:\/\/www.behardoo.ba\/index.php\/wp-json\/wp\/v2\/media\/155"}],"wp:attachment":[{"href":"https:\/\/www.behardoo.ba\/index.php\/wp-json\/wp\/v2\/media?parent=154"}],"wp:term":[{"taxonomy":"product_brand","embeddable":true,"href":"https:\/\/www.behardoo.ba\/index.php\/wp-json\/wp\/v2\/product_brand?post=154"},{"taxonomy":"product_cat","embeddable":true,"href":"https:\/\/www.behardoo.ba\/index.php\/wp-json\/wp\/v2\/product_cat?post=154"},{"taxonomy":"product_tag","embeddable":true,"href":"https:\/\/www.behardoo.ba\/index.php\/wp-json\/wp\/v2\/product_tag?post=154"}],"curies":[{"name":"wp","href":"https:\/\/api.w.org\/{rel}","templated":true}]}}