{"id":156,"date":"2021-10-13T13:08:10","date_gmt":"2021-10-13T11:08:10","guid":{"rendered":"http:\/\/www.behardoo.ba\/?post_type=product&#038;p=156"},"modified":"2021-10-13T13:09:17","modified_gmt":"2021-10-13T11:09:17","slug":"brodilon-deratizacijsko-ljepilo-135g","status":"publish","type":"product","link":"https:\/\/www.behardoo.ba\/index.php\/product\/brodilon-deratizacijsko-ljepilo-135g\/","title":{"rendered":"Brodilon Deratizacijsko Ljepilo 135g"},"content":{"rendered":"<h2><span style=\"color: #ff0000;\"><strong>Brodilon Deratizacijsko Ljepilo 135g<\/strong><\/span><\/h2>\n<p>Deratizacijsko ljepilo koje se upotrebljava za uni\u0161tavanje \u0161tetnih glodavaca i insekata. BRODILON<br \/>\nderatizacijsko ljepilo nanosimo na:<\/p>\n<ul>\n<li>podlogu (drvo, papir, karton ili deratizacijska kutija) koju odla\u017eemo u blizinu kretanja \u0161tetnika. Radi boljeg u\u010dinka postaviti mamac na sredinu podloge (komadi\u0107 hrane);<\/li>\n<li>trake za lovljenje, koje se upotrebljavaju umsprje\u010davaju migracije \u0161tetnih insekata po stablima;<\/li>\n<li>plo\u010de za lovljenje, koje se upotrebljavaju u vo\u0107njacima i staklenicima za smanjivanje \u0161tetnih insekata.<\/li>\n<\/ul>\n<p><strong>PAKOVANJE<\/strong><br \/>\nLjepilo je opremljeno u tubi od 135 g<\/p>\n","protected":false},"excerpt":{"rendered":"<h2><span style=\"color: #ff0000;\"><strong>Brodilon Deratizacijsko Ljepilo 135g<\/strong><\/span><\/h2>\n<p>Deratizacijsko ljepilo koje se upotrebljava za uni\u0161tavanje \u0161tetnih glodavaca i insekata. BRODILON<br \/>\nderatizacijsko ljepilo nanosimo na:<\/p>\n<ul>\n<li>podlogu (drvo, papir, karton ili deratizacijska kutija) koju odla\u017eemo u blizinu kretanja \u0161tetnika. Radi boljeg u\u010dinka postaviti mamac na sredinu podloge (komadi\u0107 hrane);<\/li>\n<li>trake za lovljenje, koje se upotrebljavaju umsprje\u010davaju migracije \u0161tetnih insekata po stablima;<\/li>\n<li>plo\u010de za lovljenje, koje se upotrebljavaju u vo\u0107njacima i staklenicima za smanjivanje \u0161tetnih insekata.<\/li>\n<\/ul>\n<p><strong>PAKOVANJE<\/strong><br \/>\nLjepilo je opremljeno u tubi od 135 g<\/p>\n<a href=\"https:\/\/www.behardoo.ba\/index.php\/product\/brodilon-deratizacijsko-ljepilo-135g\/\" class=\"btn frontech-btn\"><span><\/span>Detalji<\/a>","protected":false},"featured_media":158,"template":"","meta":[],"product_brand":[],"product_cat":[50,120,58],"product_tag":[311,226,305,310,235,306,188,135,307,66,67,309,68,272,301,308],"class_list":{"0":"post-156","1":"product","2":"type-product","3":"status-publish","4":"has-post-thumbnail","6":"product_cat-insekticidi","7":"product_cat-ostali-proizvodi","8":"product_cat-rodenticidi","9":"product_tag-135g","10":"product_tag-behar","11":"product_tag-brodilon","12":"product_tag-d-o-o","13":"product_tag-deratizacija","14":"product_tag-deratizacijsko","15":"product_tag-genera","16":"product_tag-insekti","17":"product_tag-ljepilo","18":"product_tag-mis","19":"product_tag-misevi","20":"product_tag-neotrovno","21":"product_tag-pacovi","22":"product_tag-sarajevo","23":"product_tag-stakori","24":"product_tag-stetocine","26":"first","27":"instock","28":"shipping-taxable","29":"product-type-external"},"jetpack_sharing_enabled":true,"_links":{"self":[{"href":"https:\/\/www.behardoo.ba\/index.php\/wp-json\/wp\/v2\/product\/156","targetHints":{"allow":["GET"]}}],"collection":[{"href":"https:\/\/www.behardoo.ba\/index.php\/wp-json\/wp\/v2\/product"}],"about":[{"href":"https:\/\/www.behardoo.ba\/index.php\/wp-json\/wp\/v2\/types\/product"}],"wp:featuredmedia":[{"embeddable":true,"href":"https:\/\/www.behardoo.ba\/index.php\/wp-json\/wp\/v2\/media\/158"}],"wp:attachment":[{"href":"https:\/\/www.behardoo.ba\/index.php\/wp-json\/wp\/v2\/media?parent=156"}],"wp:term":[{"taxonomy":"product_brand","embeddable":true,"href":"https:\/\/www.behardoo.ba\/index.php\/wp-json\/wp\/v2\/product_brand?post=156"},{"taxonomy":"product_cat","embeddable":true,"href":"https:\/\/www.behardoo.ba\/index.php\/wp-json\/wp\/v2\/product_cat?post=156"},{"taxonomy":"product_tag","embeddable":true,"href":"https:\/\/www.behardoo.ba\/index.php\/wp-json\/wp\/v2\/product_tag?post=156"}],"curies":[{"name":"wp","href":"https:\/\/api.w.org\/{rel}","templated":true}]}}