{"id":167,"date":"2021-10-18T13:22:58","date_gmt":"2021-10-18T11:22:58","guid":{"rendered":"http:\/\/www.behardoo.ba\/?post_type=product&#038;p=167"},"modified":"2024-06-27T09:49:36","modified_gmt":"2024-06-27T07:49:36","slug":"tinamex-250-ml","status":"publish","type":"product","link":"https:\/\/www.behardoo.ba\/index.php\/product\/tinamex-250-ml\/","title":{"rendered":"Tinamex 250 ml"},"content":{"rendered":"<h2><strong><span style=\"color: #ff0000;\">Tinamex 250 ml<\/span><br \/>\n<\/strong><\/h2>\n<p><span dir=\"ltr\" role=\"presentation\">TINAMEX<\/span><span dir=\"ltr\" role=\"presentation\"> je insekticid-akaricid na bazi abamektina u <\/span><span dir=\"ltr\" role=\"presentation\">obliku koncentrata za emulziju, koji djeluje uzimanjem <\/span><span dir=\"ltr\" role=\"presentation\">i kontaktom za suzbijanje crvenog pauka i grinja. <\/span><span dir=\"ltr\" role=\"presentation\">Preporu\u010dena doza za navedene kulture je 0,05-0,1% <\/span><span dir=\"ltr\" role=\"presentation\">(50-100cc\/hl), osim za agrume za koje je 0,03%-0,04% <\/span><span dir=\"ltr\" role=\"presentation\">(30-40cc\/hl). Za limun protiv \u0161ugarca, agrume protiv <\/span><span dir=\"ltr\" role=\"presentation\">\u0161ugarca i crvenog pauka, doza je 0,04% (40cc\/hl).<\/span><\/p>\n<p><span dir=\"ltr\" role=\"presentation\">AKTIVNA MATERIJA:<\/span><span dir=\"ltr\" role=\"presentation\"> Abamektin 18 g\/l<\/span><br role=\"presentation\" \/><span dir=\"ltr\" role=\"presentation\">FORMULACIJA:<\/span><span dir=\"ltr\" role=\"presentation\"> Koncentrat za emulziju (EC)<\/span><\/p>\n<p><strong><span class=\"markedContent\"><span dir=\"ltr\" role=\"presentation\">FITOTERAPEUTSKO<\/span><\/span><span dir=\"ltr\" role=\"presentation\"> SLAGANJE<\/span><\/strong><\/p>\n<p><span dir=\"ltr\" role=\"presentation\">Primijeniti normalnim raspr\u0161ivanjem bez prela\u017eenja <\/span><span dir=\"ltr\" role=\"presentation\">doze od 1.5l\/ ha. Kako bi se izbjegli problemi <\/span><span dir=\"ltr\" role=\"presentation\">otpornosti, izbjegavati tretiranje vi\u0161e od tri puta <\/span><span dir=\"ltr\" role=\"presentation\">godi\u0161nje i izmjenjivati s akaricidima razli\u010ditog <\/span><span dir=\"ltr\" role=\"presentation\">djelovanja.<\/span><\/p>\n<p><span dir=\"ltr\" role=\"presentation\">AGRUMI (1): Protiv pokretnih formi. Primijeniti na <\/span><span dir=\"ltr\" role=\"presentation\">po\u010detku napadanja, uz volumen podloge potreban <\/span><span dir=\"ltr\" role=\"presentation\">kako bi rezultiraju\u0107a doza bila otprilike 1-1.4l\/ha, a za <\/span><span dir=\"ltr\" role=\"presentation\">limun i agrume (2) 0.8-1 l\/ha.<\/span><\/p>\n<p><span dir=\"ltr\" role=\"presentation\">AGRUMI (3) Primijeniti na volumenu podloge 2000-<\/span><span dir=\"ltr\" role=\"presentation\">3500 l\/ha. Savjetuje se ljeti dodati ulje u dozi 0.2-0.5%.<\/span><\/p>\n<p><span dir=\"ltr\" role=\"presentation\">SALATA: Primijeniti do 20 dana nakon presa\u0111ivanja.<\/span><\/p>\n<p><span dir=\"ltr\" role=\"presentation\">JABUKA: Primijeniti odmah po opadanju latica. U <\/span><span dir=\"ltr\" role=\"presentation\">slu\u010daju da je potrebno ponoviti, nakon dva mjeseca. <\/span><span dir=\"ltr\" role=\"presentation\">Volumen podloge 1000- 1500 l\/ha. Ne primjenjivati <\/span><span dir=\"ltr\" role=\"presentation\">vi\u0161e od dvaput godi\u0161nje ni vi\u0161e od 2.4l proizvoda <\/span><span dir=\"ltr\" role=\"presentation\">pohaniti godi\u0161nje. Kako bi se poja\u010dala u\u010dinkovitost <\/span><span dir=\"ltr\" role=\"presentation\">mo\u017ee se pomije\u0161ati ljeti s parafinskim uljem na 0.25% <\/span><span dir=\"ltr\" role=\"presentation\">osim u uvjetima nedovoljne <\/span><span dir=\"ltr\" role=\"presentation\">vla\u017enosti ili jako visokih <\/span><span dir=\"ltr\" role=\"presentation\">temperatura. <\/span><\/p>\n","protected":false},"excerpt":{"rendered":"<h2><strong><span style=\"color: #ff0000;\">Tinamex 250 ml<\/span><br \/>\n<\/strong><\/h2>\n<p><span dir=\"ltr\" role=\"presentation\">TINAMEX<\/span><span dir=\"ltr\" role=\"presentation\"> je insekticid-akaricid na bazi abamektina u <\/span><span dir=\"ltr\" role=\"presentation\">obliku koncentrata za emulziju, koji djeluje uzimanjem <\/span><span dir=\"ltr\" role=\"presentation\">i kontaktom za suzbijanje crvenog pauka i grinja. <\/span><span dir=\"ltr\" role=\"presentation\">Preporu\u010dena doza za navedene kulture je 0,05-0,1% <\/span><span dir=\"ltr\" role=\"presentation\">(50-100cc\/hl), osim za agrume za koje je 0,03%-0,04% <\/span><span dir=\"ltr\" role=\"presentation\">(30-40cc\/hl). Za limun protiv \u0161ugarca, agrume protiv <\/span><span dir=\"ltr\" role=\"presentation\">\u0161ugarca i crvenog pauka, doza je 0,04% (40cc\/hl).<\/span><\/p>\n<p><span dir=\"ltr\" role=\"presentation\">AKTIVNA MATERIJA:<\/span><span dir=\"ltr\" role=\"presentation\"> Abamektin 18 g\/l<\/span><br role=\"presentation\" \/><span dir=\"ltr\" role=\"presentation\">FORMULACIJA:<\/span><span dir=\"ltr\" role=\"presentation\"> Koncentrat za emulziju (EC)<\/span><\/p>\n<a href=\"https:\/\/www.behardoo.ba\/index.php\/product\/tinamex-250-ml\/\" class=\"btn frontech-btn\"><span><\/span>Detalji<\/a>","protected":false},"featured_media":168,"template":"","meta":[],"product_brand":[],"product_cat":[397,402,352],"product_tag":[313,186,27,328,226,315,310,317,98,251,47,314,54,275,272,325,316,327,123,326,94],"class_list":{"0":"post-167","1":"product","2":"type-product","3":"status-publish","4":"has-post-thumbnail","6":"product_cat-akaricidi","7":"product_cat-insekticidi-zastita_bilja","8":"product_cat-zastita_bilja","9":"product_tag-313","10":"product_tag-agrar","11":"product_tag-agro","12":"product_tag-akaricid","13":"product_tag-behar","14":"product_tag-brandit","15":"product_tag-d-o-o","16":"product_tag-eu","17":"product_tag-farma","18":"product_tag-farmer","19":"product_tag-insekticid","20":"product_tag-ml","21":"product_tag-poljoprivreda","22":"product_tag-povrce","23":"product_tag-sarajevo","24":"product_tag-tinamex","25":"product_tag-tragusa","26":"product_tag-uzgoj","27":"product_tag-voce","28":"product_tag-vrt","29":"product_tag-zastita","31":"first","32":"instock","33":"shipping-taxable","34":"product-type-external"},"jetpack_sharing_enabled":true,"_links":{"self":[{"href":"https:\/\/www.behardoo.ba\/index.php\/wp-json\/wp\/v2\/product\/167","targetHints":{"allow":["GET"]}}],"collection":[{"href":"https:\/\/www.behardoo.ba\/index.php\/wp-json\/wp\/v2\/product"}],"about":[{"href":"https:\/\/www.behardoo.ba\/index.php\/wp-json\/wp\/v2\/types\/product"}],"wp:featuredmedia":[{"embeddable":true,"href":"https:\/\/www.behardoo.ba\/index.php\/wp-json\/wp\/v2\/media\/168"}],"wp:attachment":[{"href":"https:\/\/www.behardoo.ba\/index.php\/wp-json\/wp\/v2\/media?parent=167"}],"wp:term":[{"taxonomy":"product_brand","embeddable":true,"href":"https:\/\/www.behardoo.ba\/index.php\/wp-json\/wp\/v2\/product_brand?post=167"},{"taxonomy":"product_cat","embeddable":true,"href":"https:\/\/www.behardoo.ba\/index.php\/wp-json\/wp\/v2\/product_cat?post=167"},{"taxonomy":"product_tag","embeddable":true,"href":"https:\/\/www.behardoo.ba\/index.php\/wp-json\/wp\/v2\/product_tag?post=167"}],"curies":[{"name":"wp","href":"https:\/\/api.w.org\/{rel}","templated":true}]}}