{"id":242,"date":"2022-04-20T10:41:26","date_gmt":"2022-04-20T08:41:26","guid":{"rendered":"http:\/\/www.behardoo.ba\/?post_type=product&#038;p=242"},"modified":"2024-01-17T10:02:28","modified_gmt":"2024-01-17T09:02:28","slug":"pobi-caps-500ml","status":"publish","type":"product","link":"https:\/\/www.behardoo.ba\/index.php\/product\/pobi-caps-500ml\/","title":{"rendered":"Pobi CAPS 500ml"},"content":{"rendered":"<h2><strong>Phobi <span style=\"color: #d4d42c;\">CAPS<\/span> 500ml<\/strong><\/h2>\n<p><strong>Phobi CAPS<\/strong> djeluje za manje od 15 minuta i \u0161titi tretirane povr\u0161ine do 12 sedmica!<\/p>\n<ul>\n<li>Brzo obaranje (knockdown efekat)<\/li>\n<li>Bez mirisa i bez mrlja<\/li>\n<li>Aktivan na propusnim i nepropusnim povr\u0161inama<\/li>\n<li>Mikrokapsulacija osigurava dugotrajnu stabilnost djelovanja na svjetlost, temperaturu i vlagu<\/li>\n<li>Kapsule razli\u010ditih veli\u010dina unutar aktivne tvari omogu\u0107avaju redovno i kontinuirano osloba\u0111anje<\/li>\n<\/ul>\n<p>Phobi Caps je mikrokapsulirani insekticid koji se koristi protiv gmi\u017eu\u0107ih i lete\u0107ih insekata kao \u0161to su \u017eohari, stjenice, mravi, muhe i komarci. Prallethrin daje proizvodu \u0161ok efekt, dok mikrokapsulacija Cypermetrina osigurava stabilnost na svjetlost, temperaturu i vlagu. Zahvaljuju\u0107i razli\u010ditim veli\u010dinama kapsula, osloba\u0111anje cipermetrina je redovito i kontinuirano.<\/p>\n<p>Insekticid za profesionalnu upotrebu protiv: lete\u0107ih i gmi\u017eu\u0107ih insekata uklju\u010duju\u0107i paukove, mrave, \u017eohare, muhe, \u0161talske muhe, ku\u0107ne muhe, male ku\u0107ne muhe, komarce, stjenice, moljce uskladi\u0161tene, vo\u0107ne mu\u0161ice, grinje i crvene grinje.<\/p>\n<p>Dizajniran za kori\u0161tenje u ku\u0107anskim prostorima, prostorima za pripremu hrane, kuhinjama, pekarama, prostori za stoku, odlagali\u0161tima otpada i odlagali\u0161tima otpada.<\/p>\n<p><strong>SAMO ZA PROFESIONALNU UPOTREBU<\/strong><\/p>\n<p>Dostupne veli\u010dine: boca za doziranje od 500 ml.<\/p>\n<p><strong>Aktivna tvar:<\/strong> 9,2% cipermetrin, 0,46% praletrin<\/p>\n<h3><strong>Uputa za kori\u0161tenje:<\/strong><\/h3>\n<p><strong>POVR\u0160INA:<\/strong><br \/>\nUklonite filtere na prednjem dijelu mlaznice kako biste za\u0161titili kapsule i koristite raspr\u0161iva\u010d s maksimalnim pritiskom od 3 bara. Raspr\u0161ite 1L razrije\u0111ene otopine na 20 m\u00b2. Nakon tretmana, voda isparava ostavljaju\u0107i mikrokapsule na povr\u0161ini. U zatvorenom prostoru prozra\u010dite tijekom cijelog tretmana i prozra\u010dite prije ponovnog useljenja prostora (u prosjeku 30 minuta do 2 sata ovisno o razini ventilacije). O\u010distite opremu nakon upotrebe. Preporu\u010dujemo no\u0161enje rukavica pri rukovanju proizvodom i temeljito pranje ruku nakon svake uporabe.<\/p>\n<p>Protresite bo\u010dicu prije upotrebe. Razrijedite 50 ml proizvoda u 5 l vode na 100 m\u00b2.<\/p>\n<p>Nano\u0161enje se mora izvr\u0161iti u praznim prostorijama na povr\u0161ine koje su izvan dohvata \u017eivotinja. Osigurajte da \u017eivotinje ne mogu dodirivati \u200b\u200bili lizati tretirane povr\u0161ine (\u0161tetno ako se proguta).<\/p>\n<p><strong>AKCIJSKI:<\/strong><br \/>\nBrzo ru\u0161enje (knockdown) i dugotrajna prisutnost. Nakon tretmana, tretirana povr\u0161ina je prekrivena hiljadama mikrokapsula. PHOBI CAPS djeluje za manje od 15 minuta i \u0161titi tretirane povr\u0161ine do 12 sedmica. Ponovo tretirajte samo ako se pojavi nova zaraza.<\/p>\n","protected":false},"excerpt":{"rendered":"<h2><strong>Phobi <span style=\"color: #d4d42c;\">CAPS<\/span> 500ml<\/strong><\/h2>\n<p><span style=\"color: #ff0000;\"><strong>NEMA NA ZALIHI<\/strong><\/span><\/p>\n<p><strong>Phobi CAPS<\/strong> djeluje za manje od 15 minuta i \u0161titi tretirane povr\u0161ine do 12 sedmica!<\/p>\n<ul>\n<li>Brzo obaranje (knockdown efekat)<\/li>\n<li>Bez mirisa i bez mrlja<\/li>\n<li>Aktivan na propusnim i nepropusnim povr\u0161inama<\/li>\n<li>Mikrokapsulacija osigurava dugotrajnu stabilnost djelovanja na svjetlost, temperaturu i vlagu<\/li>\n<li>Kapsule razli\u010ditih veli\u010dina unutar aktivne tvari omogu\u0107avaju redovno i kontinuirano osloba\u0111anje<\/li>\n<\/ul>\n<a href=\"https:\/\/www.behardoo.ba\/index.php\/product\/pobi-caps-500ml\/\" class=\"btn frontech-btn\"><span><\/span>Detalji<\/a>","protected":false},"featured_media":243,"template":"","meta":[],"product_brand":[],"product_cat":[50],"product_tag":[356,420,240,226,286,285,434,396,388,310,425,235,319,422,421,435,224,359,135,47,419,314,433,272,436,437,94,83],"class_list":{"0":"post-242","1":"product","2":"type-product","3":"status-publish","4":"has-post-thumbnail","6":"product_cat-insekticidi","7":"product_tag-356","8":"product_tag-agroproagro","9":"product_tag-baje","10":"product_tag-behar","11":"product_tag-bosna","12":"product_tag-bosnia","13":"product_tag-caps","14":"product_tag-chem","15":"product_tag-chemical","16":"product_tag-d-o-o","17":"product_tag-ddd","18":"product_tag-deratizacija","19":"product_tag-doo","20":"product_tag-france","21":"product_tag-francuska","22":"product_tag-group","23":"product_tag-hemija","24":"product_tag-hercegovina","25":"product_tag-insekti","26":"product_tag-insekticid","27":"product_tag-lodi","28":"product_tag-ml","29":"product_tag-phobi","30":"product_tag-sarajevo","31":"product_tag-stjenice","32":"product_tag-tretiranje","33":"product_tag-zastita","34":"product_tag-zohari","36":"first","37":"instock","38":"shipping-taxable","39":"product-type-external"},"jetpack_sharing_enabled":true,"_links":{"self":[{"href":"https:\/\/www.behardoo.ba\/index.php\/wp-json\/wp\/v2\/product\/242","targetHints":{"allow":["GET"]}}],"collection":[{"href":"https:\/\/www.behardoo.ba\/index.php\/wp-json\/wp\/v2\/product"}],"about":[{"href":"https:\/\/www.behardoo.ba\/index.php\/wp-json\/wp\/v2\/types\/product"}],"wp:featuredmedia":[{"embeddable":true,"href":"https:\/\/www.behardoo.ba\/index.php\/wp-json\/wp\/v2\/media\/243"}],"wp:attachment":[{"href":"https:\/\/www.behardoo.ba\/index.php\/wp-json\/wp\/v2\/media?parent=242"}],"wp:term":[{"taxonomy":"product_brand","embeddable":true,"href":"https:\/\/www.behardoo.ba\/index.php\/wp-json\/wp\/v2\/product_brand?post=242"},{"taxonomy":"product_cat","embeddable":true,"href":"https:\/\/www.behardoo.ba\/index.php\/wp-json\/wp\/v2\/product_cat?post=242"},{"taxonomy":"product_tag","embeddable":true,"href":"https:\/\/www.behardoo.ba\/index.php\/wp-json\/wp\/v2\/product_tag?post=242"}],"curies":[{"name":"wp","href":"https:\/\/api.w.org\/{rel}","templated":true}]}}