{"id":286,"date":"2022-12-19T13:20:34","date_gmt":"2022-12-19T12:20:34","guid":{"rendered":"http:\/\/www.behardoo.ba\/?post_type=product&#038;p=286"},"modified":"2024-06-14T11:15:52","modified_gmt":"2024-06-14T09:15:52","slug":"rettil-stop-660g","status":"publish","type":"product","link":"https:\/\/www.behardoo.ba\/index.php\/product\/rettil-stop-660g\/","title":{"rendered":"Rettil STOP 660g &#8211; protiv zmije, rastjeriva\u010d zmija"},"content":{"rendered":"<h2><b>Rettil <span style=\"color: #ff0000;\">STOP<\/span>\u00a0600g<\/b><\/h2>\n<p><b>Rettil STOP<\/b>\u00a0600g u granulama stvara barijeru koja je nepodno\u0161ljiva za sve vrste reptila (zmije, gu\u0161teri, itd.). Rettil STOP granule sprije\u010davaju gmizavce da pro\u0111u i ostanu na mjestu primjene proizvoda. Jedinstvena formulacija proizvoda koji se nalazi u granulama, \u010dini ga bezopasnim za biljne usjeve i druge \u017eivotinje, te ga \u010dini lakim za upotrebu.<\/p>\n<p>Sredstvo se mo\u017ee koristiti na svim mjestima gdje je zabilje\u017eeno prisustvo reptila: travnjaci, vrtovi, usjevi, plastenici, terase, kampovi, itd.<\/p>\n<p><b>Uputa za upotrebu:<\/b><\/p>\n<p>Pospite oko 50-60gr na svakih 4-5 metara kvadratnih.<\/p>\n<p><b>Rok upotrebe:<\/b><\/p>\n<p>Neograni\u010den.<\/p>\n<p><b>Zemlja porijekla:<\/b><\/p>\n<p>EU<\/p>\n","protected":false},"excerpt":{"rendered":"<h2><b>Rettil <span style=\"color: #ff0000;\">STOP<\/span>\u00a0600g<\/b><\/h2>\n<p><b>Rettil STOP<\/b>\u00a0600g u granulama stvara barijeru koja je nepodno\u0161ljiva za sve vrste reptila (zmije, gu\u0161teri, itd.). Rettil STOP granule sprije\u010davaju gmizavce da pro\u0111u i ostanu na mjestu primjene proizvoda. Jedinstvena formulacija proizvoda koji se nalazi u granulama, \u010dini ga bezopasnim za biljne usjeve i druge \u017eivotinje, te ga \u010dini lakim za upotrebu.<\/p>\n<p>Sredstvo se mo\u017ee koristiti na svim mjestima gdje je zabilje\u017eeno prisustvo reptila: travnjaci, vrtovi, usjevi, plastenici, terase, kampovi, itd.<\/p>\n<a href=\"https:\/\/www.behardoo.ba\/index.php\/product\/rettil-stop-660g\/\" class=\"btn frontech-btn\"><span><\/span>Detalji<\/a>","protected":false},"featured_media":479,"template":"","meta":[],"product_brand":[],"product_cat":[351,120,58],"product_tag":[552,186,27,679,226,462,343,286,285,310,425,559,235,441,98,251,258,554,555,359,527,393,409,395,399,882,883,401,570,772,54,678,400,880,275,546,48,886,879,550,70,272,881,426,884,885,551,394,557,558,556,94,107,105,553],"class_list":{"0":"post-286","1":"product","2":"type-product","3":"status-publish","4":"has-post-thumbnail","6":"product_cat-deratizacija","7":"product_cat-ostali-proizvodi","8":"product_cat-rodenticidi","9":"product_tag-600g","10":"product_tag-agrar","11":"product_tag-agro","12":"product_tag-apoteka","13":"product_tag-behar","14":"product_tag-behardoo","15":"product_tag-bih","16":"product_tag-bosna","17":"product_tag-bosnia","18":"product_tag-d-o-o","19":"product_tag-ddd","20":"product_tag-delivery","21":"product_tag-deratizacija","22":"product_tag-dostava","23":"product_tag-farma","24":"product_tag-farmer","25":"product_tag-granule","26":"product_tag-guster","27":"product_tag-gustera","28":"product_tag-hercegovina","29":"product_tag-herzegowina","30":"product_tag-kupi","31":"product_tag-kupiti","32":"product_tag-maloprodaja","33":"product_tag-naruci","34":"product_tag-odbijac","35":"product_tag-odboj","36":"product_tag-online","37":"product_tag-poljo","38":"product_tag-poljoapoteka","39":"product_tag-poljoprivreda","40":"product_tag-poljoprivredna","41":"product_tag-poruci","42":"product_tag-poskok","43":"product_tag-povrce","44":"product_tag-rastjerivac","45":"product_tag-repelent","46":"product_tag-repellent","47":"product_tag-retil","48":"product_tag-rettil","49":"product_tag-rodenticid","50":"product_tag-sarajevo","51":"product_tag-sarka","52":"product_tag-shop","53":"product_tag-snake","54":"product_tag-snakes","55":"product_tag-stop","56":"product_tag-veleprodaja","57":"product_tag-viper","58":"product_tag-vipericid","59":"product_tag-viperizacija","60":"product_tag-zastita","61":"product_tag-zmija","62":"product_tag-zmije","63":"product_tag-zmiju","65":"first","66":"instock","67":"shipping-taxable","68":"product-type-external"},"jetpack_sharing_enabled":true,"_links":{"self":[{"href":"https:\/\/www.behardoo.ba\/index.php\/wp-json\/wp\/v2\/product\/286","targetHints":{"allow":["GET"]}}],"collection":[{"href":"https:\/\/www.behardoo.ba\/index.php\/wp-json\/wp\/v2\/product"}],"about":[{"href":"https:\/\/www.behardoo.ba\/index.php\/wp-json\/wp\/v2\/types\/product"}],"wp:featuredmedia":[{"embeddable":true,"href":"https:\/\/www.behardoo.ba\/index.php\/wp-json\/wp\/v2\/media\/479"}],"wp:attachment":[{"href":"https:\/\/www.behardoo.ba\/index.php\/wp-json\/wp\/v2\/media?parent=286"}],"wp:term":[{"taxonomy":"product_brand","embeddable":true,"href":"https:\/\/www.behardoo.ba\/index.php\/wp-json\/wp\/v2\/product_brand?post=286"},{"taxonomy":"product_cat","embeddable":true,"href":"https:\/\/www.behardoo.ba\/index.php\/wp-json\/wp\/v2\/product_cat?post=286"},{"taxonomy":"product_tag","embeddable":true,"href":"https:\/\/www.behardoo.ba\/index.php\/wp-json\/wp\/v2\/product_tag?post=286"}],"curies":[{"name":"wp","href":"https:\/\/api.w.org\/{rel}","templated":true}]}}