{"id":288,"date":"2022-12-26T12:49:43","date_gmt":"2022-12-26T11:49:43","guid":{"rendered":"http:\/\/www.behardoo.ba\/?post_type=product&#038;p=288"},"modified":"2024-05-17T10:59:08","modified_gmt":"2024-05-17T08:59:08","slug":"ultrazvucni-rastjerivac-ptica","status":"publish","type":"product","link":"https:\/\/www.behardoo.ba\/index.php\/product\/ultrazvucni-rastjerivac-ptica\/","title":{"rendered":"Ultrazvu\u010dni rastjeriva\u010d ptica"},"content":{"rendered":"<h2 class=\"title ne-prikazuj\"><strong>Ultrazvu\u010dni rastjeriva\u010d ptica<\/strong><\/h2>\n<p>&nbsp;<\/p>\n<ul>\n<li>Smetaju li vam golubovi, kos, vrapci, vrane i druge ptice u va\u0161em vo\u0107njaku, vinogradu ili vrtu? Jeste li zabrinuti zbog svoje \u017eetve? Tada je ovaj moderni elektronski upla\u0161iva\u010d ptica samo za Vas.<\/li>\n<li>Unutarnji generator zvuka koji opona\u0161a krikove grabe\u017eljivaca u\u010dinkovito \u0107e otjerati ptice iz za\u0161ti\u0107enog podru\u010dja. Zvuk sove tako\u0111er je u\u010dinkovit na male glodavce. Ugra\u0111eni senzor svjetlosti blokira ure\u0111aj u mraku, tako da ne morate brinuti o ometanju no\u0107i. Stra\u0161ilo se temelji na jednostavnim prirodnim zvukovima, potpuno je ekolo\u0161ko, ne koristi nikakve hemikalije.<\/li>\n<\/ul>\n<h4><strong>Specifikacije:<\/strong><\/h4>\n<ul>\n<li>Radi u dva na\u010dina:<\/li>\n<li>Aktiviranje senzorom pokreta (prikladno za manja podru\u010dja)<\/li>\n<li>Postavljanjem timera, stra\u0161ilo se aktivira u prilagodljivom intervalu<\/li>\n<li>Razdoblje: podesivo od 5 do 30 min<\/li>\n<li>Kontrola zvuka<\/li>\n<li>Napajanje: adapter 220-240 V AC, 50 Hz \/ 12V DC<\/li>\n<li>Kut skeniranja: vodoravno 130 \u00b0<\/li>\n<li>PIR senzor: domet 10 m<\/li>\n<li>Glasno\u0107a: max 105 dB<\/li>\n<li>Dimenzije: 115 x 200 x 120 mm<\/li>\n<\/ul>\n","protected":false},"excerpt":{"rendered":"<h2 class=\"title ne-prikazuj\"><strong>Ultrazvu\u010dni rastjeriva\u010d ptica<\/strong><\/h2>\n<p><span style=\"text-decoration: underline;\"><span style=\"color: #ff0000;\"><strong>NEMA TRENUTNO NA STANJU<\/strong><\/span><\/span><\/p>\n<ul>\n<li>Smetaju li vam pogledi, kos, vrapci itd. U va\u0161em vo\u0107njaku, vinogradu ili vrtu? Jeste li zabrinuti zbog svoje \u017eetve? Tada je ovaj moderni elektronski upla\u0161iva\u010d ptica samo za vas.<\/li>\n<li>Unutarnji generator zvuka koji opona\u0161a krikove grabe\u017eljivaca u\u010dinkovito \u0107e otjerati ptice iz za\u0161ti\u0107enog podru\u010dja. Zvuk sove tako\u0111er je u\u010dinkovit na male glodavce. Ugra\u0111eni senzor svjetlosti blokira ure\u0111aj u mraku, tako da ne morate brinuti o ometanju no\u0107i. Stra\u0161ilo se temelji na jednostavnim prirodnim zakonima, potpuno je ekolo\u0161ko, ne koristi nikakve kemikalije.<\/li>\n<\/ul>\n<a href=\"https:\/\/www.behardoo.ba\/index.php\/product\/ultrazvucni-rastjerivac-ptica\/\" class=\"btn frontech-btn\"><span><\/span>Detalji<\/a>","protected":false},"featured_media":289,"template":"","meta":[],"product_brand":[],"product_cat":[351,120,352],"product_tag":[186,27,226,462,343,563,565,286,285,564,425,559,235,441,568,200,98,251,577,579,359,527,395,399,497,401,572,566,570,54,400,573,561,574,575,546,48,272,426,567,571,560,562,394,581,580,578,576,569],"class_list":{"0":"post-288","1":"product","2":"type-product","3":"status-publish","4":"has-post-thumbnail","6":"product_cat-deratizacija","7":"product_cat-ostali-proizvodi","8":"product_cat-zastita_bilja","9":"product_tag-agrar","10":"product_tag-agro","11":"product_tag-behar","12":"product_tag-behardoo","13":"product_tag-bih","14":"product_tag-bird","15":"product_tag-birdchaser","16":"product_tag-bosna","17":"product_tag-bosnia","18":"product_tag-chaser","19":"product_tag-ddd","20":"product_tag-delivery","21":"product_tag-deratizacija","22":"product_tag-dostava","23":"product_tag-elektricni","24":"product_tag-farm","25":"product_tag-farma","26":"product_tag-farmer","27":"product_tag-golub","28":"product_tag-golubovi","29":"product_tag-hercegovina","30":"product_tag-herzegowina","31":"product_tag-maloprodaja","32":"product_tag-naruci","33":"product_tag-narudzba","34":"product_tag-online","35":"product_tag-order","36":"product_tag-pir","37":"product_tag-poljo","38":"product_tag-poljoprivreda","39":"product_tag-poruci","40":"product_tag-porudzba","41":"product_tag-ptica","42":"product_tag-ptice","43":"product_tag-pticu","44":"product_tag-rastjerivac","45":"product_tag-repelent","46":"product_tag-sarajevo","47":"product_tag-shop","48":"product_tag-sonic","49":"product_tag-trgovina","50":"product_tag-ultrazvucni","51":"product_tag-ultrzvucni","52":"product_tag-veleprodaja","53":"product_tag-vrabac","54":"product_tag-vrabci","55":"product_tag-vrana","56":"product_tag-vrane","57":"product_tag-zvuk","59":"first","60":"instock","61":"shipping-taxable","62":"product-type-external"},"jetpack_sharing_enabled":true,"_links":{"self":[{"href":"https:\/\/www.behardoo.ba\/index.php\/wp-json\/wp\/v2\/product\/288","targetHints":{"allow":["GET"]}}],"collection":[{"href":"https:\/\/www.behardoo.ba\/index.php\/wp-json\/wp\/v2\/product"}],"about":[{"href":"https:\/\/www.behardoo.ba\/index.php\/wp-json\/wp\/v2\/types\/product"}],"wp:featuredmedia":[{"embeddable":true,"href":"https:\/\/www.behardoo.ba\/index.php\/wp-json\/wp\/v2\/media\/289"}],"wp:attachment":[{"href":"https:\/\/www.behardoo.ba\/index.php\/wp-json\/wp\/v2\/media?parent=288"}],"wp:term":[{"taxonomy":"product_brand","embeddable":true,"href":"https:\/\/www.behardoo.ba\/index.php\/wp-json\/wp\/v2\/product_brand?post=288"},{"taxonomy":"product_cat","embeddable":true,"href":"https:\/\/www.behardoo.ba\/index.php\/wp-json\/wp\/v2\/product_cat?post=288"},{"taxonomy":"product_tag","embeddable":true,"href":"https:\/\/www.behardoo.ba\/index.php\/wp-json\/wp\/v2\/product_tag?post=288"}],"curies":[{"name":"wp","href":"https:\/\/api.w.org\/{rel}","templated":true}]}}