{"id":310,"date":"2023-05-23T11:15:04","date_gmt":"2023-05-23T09:15:04","guid":{"rendered":"http:\/\/www.behardoo.ba\/?post_type=product&#038;p=310"},"modified":"2024-02-26T18:14:58","modified_gmt":"2024-02-26T17:14:58","slug":"klaster-sc-1l-totalni-herbicid","status":"publish","type":"product","link":"https:\/\/www.behardoo.ba\/index.php\/product\/klaster-sc-1l-totalni-herbicid\/","title":{"rendered":"KLASTER SL 1L &#8211; Totalni herbicid"},"content":{"rendered":"<h1 class=\"main-title-listing sm:hidden flex flex-row items-center\" data-v-541aae31=\"\"><strong><span style=\"color: #e8cb0c;\">KLASTER<\/span> SL 1L &#8211; Totalni herbicid<\/strong><\/h1>\n<p><b>KLASTER<\/b> je neselektivni (totalni) sistemi\u010dni herbicid za suzbijanje izniklih jednogodi\u0161njih i vi\u0161egodi\u0161njih uskolisnih i \u0161irokolisnih korova uklju\u010duju\u0107i i korove sa dubokim korijenom tj. rizomima. Primjenjuje se\u00a0 isklju\u010divo na iznikle korove koji ga usvajaju preko svojih zelenih dijelova (list, lisna dr\u0161ka, zelena kora) kao i preko svje\u017eeg reza na drve\u0107u.<br \/>\n<b><br \/>\nOPIS<\/b><br \/>\n<b><br \/>\nAKTIVNA MATERIJA:<\/b> Glifosat 480 g\/l<br \/>\n<b><br \/>\nFORMULACIJA:<\/b> Koncentrat za emulziju (EC)<br \/>\n<b><br \/>\nPrimjena:<\/b><\/p>\n<p>\u00bb na strni\u0161tima za suzbijanje pirike, divljeg sirka, zuba\u010de, poponca, ambrozije i ostalih korova u dozi 8-10 l\/ha, kada korovi dostignu visinu 15-40 cm<\/p>\n<p>\u00bb u vo\u0107njacima i vinogradima u dozi 2-4 l\/ha za suzbijanje jednogodi\u0161njih korova, 4-8 l\/ha za suzbijanje vi\u0161egodi\u0161njih korova i 8-12 l\/ha za suzbijanje vi\u0161egodi\u0161njih korova s izrazito dubokim korijenom ili rizomima<\/p>\n<p>\u00bb prije pripreme zemlji\u0161ta za sjetvu ili sadnju poljoprivrednih kultura u dozi 2-6 l\/ha u zavisnosti od vrste i faze razvoja korova koji se suzbija<\/p>\n<p>\u00bb za pred\u017eetveno suzbijanje korova u strnim \u017eitima i za desikaciju uljane repice u dozi 2-4 l\/ha tretiranjem 14 dana prije \u017eetve<\/p>\n<p>\u00bb na neobra\u0111enim povr\u0161inama u dozi 5-12 l\/ha tretiranjem u vrijeme pune vegetacije<\/p>\n<p>\u00bb na \u017eeljezni\u010dkim prugama u dozi 8-12 l\/ha za suzbijanje zeljastih i drvenastih korova<\/p>\n<p>\u00bb u \u0161umarstvu u dozi 4-12 l\/ha u zavisnosti od namjene sredstva, vrste zasada i korova koji se suzbijaju<\/p>\n<p>\u00bb Doza primjene cidokora zavisi od stupnja zakorovljenosti i vrste korova koji se tretira.<\/p>\n<p><b>Za neke najzna\u010dajnije korove doze su sljede\u0107e:<\/b><\/p>\n<p>\u00bb 4 l\/ha za suzbijanje pirike, muhara, ljuljeva, lipice, ambrozije, \u0161tira, pepeljuge, mi\u0161jakinje<\/p>\n<p>\u00bb 4-6 l\/ha za suzbijanje divljeg sirka iz rizoma, palamide, \u0161talja, masla\u010dka, divlje mente<\/p>\n<p>\u00bb 6-8 l\/ha za suzbijanje poponca, zuba\u010de, divlje kupine<\/p>\n<p>\u00bb 8-12 l\/ha za suzbijanje rastavi\u0107a (preslice)<br \/>\n<b><br \/>\nKarenca za vo\u0107e i vinovu lozu 35 dana<\/b><\/p>\n<p>\u260e\ufe0f Za sve informacije nam pi\u0161ite ili nas pozovite na: +387 61 221 470<\/p>\n","protected":false},"excerpt":{"rendered":"<h1 class=\"main-title-listing sm:hidden flex flex-row items-center\" data-v-541aae31=\"\"><strong><span style=\"color: #e8cb0c;\">KLASTER<\/span> SL 1L &#8211; Totalni herbicid<\/strong><\/h1>\n<p><b>KLASTER<\/b> je neselektivni (totalni) sistemi\u010dni herbicid za suzbijanje izniklih jednogodi\u0161njih i vi\u0161egodi\u0161njih uskolisnih i \u0161irokolisnih korova uklju\u010duju\u0107i i korove sa dubokim korijenom tj. rizomima. Primjenjuje se\u00a0 isklju\u010divo na iznikle korove koji ga usvajaju preko svojih zelenih dijelova (list, lisna dr\u0161ka, zelena kora) kao i preko svje\u017eeg reza na drve\u0107u.<\/p>\n<a href=\"https:\/\/www.behardoo.ba\/index.php\/product\/klaster-sc-1l-totalni-herbicid\/\" class=\"btn frontech-btn\"><span><\/span>Detalji<\/a>","protected":false},"featured_media":311,"template":"","meta":[],"product_brand":[],"product_cat":[351,216,352],"product_tag":[175,186,27,226,462,343,286,285,396,388,310,425,235,319,200,98,251,224,218,359,591,590,230,393,395,399,401,87,54,483,215,589,476,667,592,220,394],"class_list":{"0":"post-310","1":"product","2":"type-product","3":"status-publish","4":"has-post-thumbnail","6":"product_cat-deratizacija","7":"product_cat-herbicidi","8":"product_cat-zastita_bilja","9":"product_tag-1l","10":"product_tag-agrar","11":"product_tag-agro","12":"product_tag-behar","13":"product_tag-behardoo","14":"product_tag-bih","15":"product_tag-bosna","16":"product_tag-bosnia","17":"product_tag-chem","18":"product_tag-chemical","19":"product_tag-d-o-o","20":"product_tag-ddd","21":"product_tag-deratizacija","22":"product_tag-doo","23":"product_tag-farm","24":"product_tag-farma","25":"product_tag-farmer","26":"product_tag-hemija","27":"product_tag-herbicid","28":"product_tag-hercegovina","29":"product_tag-klaster","30":"product_tag-koncentracija","31":"product_tag-koncentrat","32":"product_tag-kupi","33":"product_tag-maloprodaja","34":"product_tag-naruci","35":"product_tag-online","36":"product_tag-otrov","37":"product_tag-poljoprivreda","38":"product_tag-poprskati","39":"product_tag-prskanje","40":"product_tag-prskat","41":"product_tag-prskati","42":"product_tag-sl","43":"product_tag-total","44":"product_tag-totalni","45":"product_tag-veleprodaja","47":"first","48":"instock","49":"shipping-taxable","50":"product-type-external"},"jetpack_sharing_enabled":true,"_links":{"self":[{"href":"https:\/\/www.behardoo.ba\/index.php\/wp-json\/wp\/v2\/product\/310","targetHints":{"allow":["GET"]}}],"collection":[{"href":"https:\/\/www.behardoo.ba\/index.php\/wp-json\/wp\/v2\/product"}],"about":[{"href":"https:\/\/www.behardoo.ba\/index.php\/wp-json\/wp\/v2\/types\/product"}],"wp:featuredmedia":[{"embeddable":true,"href":"https:\/\/www.behardoo.ba\/index.php\/wp-json\/wp\/v2\/media\/311"}],"wp:attachment":[{"href":"https:\/\/www.behardoo.ba\/index.php\/wp-json\/wp\/v2\/media?parent=310"}],"wp:term":[{"taxonomy":"product_brand","embeddable":true,"href":"https:\/\/www.behardoo.ba\/index.php\/wp-json\/wp\/v2\/product_brand?post=310"},{"taxonomy":"product_cat","embeddable":true,"href":"https:\/\/www.behardoo.ba\/index.php\/wp-json\/wp\/v2\/product_cat?post=310"},{"taxonomy":"product_tag","embeddable":true,"href":"https:\/\/www.behardoo.ba\/index.php\/wp-json\/wp\/v2\/product_tag?post=310"}],"curies":[{"name":"wp","href":"https:\/\/api.w.org\/{rel}","templated":true}]}}