{"id":330,"date":"2023-07-17T20:32:49","date_gmt":"2023-07-17T18:32:49","guid":{"rendered":"http:\/\/www.behardoo.ba\/?post_type=product&#038;p=330"},"modified":"2023-07-17T20:32:49","modified_gmt":"2023-07-17T18:32:49","slug":"ikebana-insekticid-akaricid-i-fungicid-za-cvijece","status":"publish","type":"product","link":"https:\/\/www.behardoo.ba\/index.php\/product\/ikebana-insekticid-akaricid-i-fungicid-za-cvijece\/","title":{"rendered":"Ikebana &#8211; Insekticid, akaricid i fungicid za cvije\u0107e"},"content":{"rendered":"<h2><strong><span style=\"color: #a815b0;\">Ikebana<\/span> &#8211; Insekticid, akaricid i fungicid za cvije\u0107e<\/p>\n<p><\/strong><\/h2>\n<p>\ud83c\udf3c Za\u0161titite i njegujte svoje dragocjene biljke uz Ikebana Triple Action! \ud83c\udf3c<\/p>\n<p>\ud83c\udf43 Otkrijte tajnu uspje\u0161nih, prekrasnih biljaka uz Ikebana Triple Action by Adama! \ud83c\udf43<\/p>\n<p>\ud83c\udf3f Oprostite se od dosadnih insekata, grinja i gljivi\u010dnih bolesti koje ugro\u017eavaju Va\u0161e ukrasno i zeljasto cvije\u0107e. \ud83c\udf3f<\/p>\n<p>\ud83d\udc1c\ud83d\udd77\ufe0f\ud83c\udf44 Ikebana Triple Action je Va\u0161e rje\u0161enje sve u jednom koje nudi insekticidnu, akaricidnu i fungicidnu za\u0161titu za Va\u0161 stan, balkon i ku\u0107nu ba\u0161tu. \ud83d\udc1c\ud83d\udd77\ufe0f\ud83c\udf44<\/p>\n<p>\ud83c\udf3a \u010cuvajte svoje voljene biljke od crvenih paukova, lisnih u\u0161i, ju\u017enoafri\u010dke bege, li\u010dinki lepidoptera, nottue, pepelnice i r\u0111e. \ud83c\udf3a<\/p>\n<p>\u2728 Ikebana Triple Action od Adame je sredstvo koje \u010dini njegu biljaka lakom kako za iskusne poljoprivrednike tako i za po\u010detnike. \u2728<\/p>\n<p>\ud83c\udf3c Gledajte kako Va\u0161e biljke cvjetaju dok efikasno suzbijate insekte, grinje i naj\u010de\u0161\u0107e gljivi\u010dne bolesti koje ometaju njihov rast. \ud83c\udf3c<\/p>\n<p>\ud83c\udfe1 Stvorite \u017eivu, zdravu oazu u svom \u017eivotnom prostoru uz Ikebana Triple Action \ud83c\udfe1<\/p>\n<p>\ud83c\udf31 Do\u017eivite radost njegovanja Va\u0161ih biljaka bez brige o \u0161teto\u010dinama i bolestima. \ud83c\udf31<\/p>\n<p>\ud83c\udf3c Pogodan za \u0161irok spektar cvije\u0107a, uklju\u010duju\u0107i jednogodi\u0161nje i vi\u0161egodi\u0161nje, Ikebana Triple Action osigurava da Va\u0161e biljke napreduju i cvjetaju s povjerenjem. \ud83c\udf3c<\/p>\n<p>\ud83c\udf81 Poklonite cvetne ba\u0161te svojim najmilijima. Ikebana Triple Action savr\u0161ena je za zelene palceve i ljubitelje biljaka! \ud83c\udf81<\/p>\n<p>\ud83c\udf33 Za\u0161titite svoj biljni raj ve\u0107 danas. Pi\u0161ite nam ili nas pozovite na <b>+387 61 221 470<\/b> da dobijete svoju Ikebana Triple Action i svjedo\u010dite transformaciji! \ud83c\udf33<\/p>\n<p>\ud83c\udf3c Ikebana &#8211; Osna\u017eivanje Va\u0161eg vrtlarskog putovanja! \ud83c\udf3c<\/p>\n","protected":false},"excerpt":{"rendered":"<h2><strong><span style=\"color: #a815b0;\">Ikebana<\/span> &#8211; Insekticid, akaricid i fungicid za cvije\u0107e<\/strong><\/h2>\n<p>\ud83d\udc1c\ud83d\udd77\ufe0f\ud83c\udf44 Ikebana Triple Action je Va\u0161e rje\u0161enje sve u jednom koje nudi insekticidnu, akaricidnu i fungicidnu za\u0161titu za Va\u0161 stan, balkon i ku\u0107nu ba\u0161tu. \ud83d\udc1c\ud83d\udd77\ufe0f\ud83c\udf44<\/p>\n<a href=\"https:\/\/www.behardoo.ba\/index.php\/product\/ikebana-insekticid-akaricid-i-fungicid-za-cvijece\/\" class=\"btn frontech-btn\"><span><\/span>Detalji<\/a>","protected":false},"featured_media":331,"template":"","meta":[],"product_brand":[],"product_cat":[397,201,402,352],"product_tag":[633,145,186,27,632,226,462,343,286,285,396,388,310,425,235,319,441,200,98,251,205,206,224,218,359,631,135,47,393,395,67,399,401,54,275,215,272,426,549,394,123,94],"class_list":{"0":"post-330","1":"product","2":"type-product","3":"status-publish","4":"has-post-thumbnail","6":"product_cat-akaricidi","7":"product_cat-fungicidi","8":"product_cat-insekticidi-zastita_bilja","9":"product_cat-zastita_bilja","10":"product_tag-750ml","11":"product_tag-adama","12":"product_tag-agrar","13":"product_tag-agro","14":"product_tag-akarticid","15":"product_tag-behar","16":"product_tag-behardoo","17":"product_tag-bih","18":"product_tag-bosna","19":"product_tag-bosnia","20":"product_tag-chem","21":"product_tag-chemical","22":"product_tag-d-o-o","23":"product_tag-ddd","24":"product_tag-deratizacija","25":"product_tag-doo","26":"product_tag-dostava","27":"product_tag-farm","28":"product_tag-farma","29":"product_tag-farmer","30":"product_tag-fungicid","31":"product_tag-fungicidi","32":"product_tag-hemija","33":"product_tag-herbicid","34":"product_tag-hercegovina","35":"product_tag-ikebana","36":"product_tag-insekti","37":"product_tag-insekticid","38":"product_tag-kupi","39":"product_tag-maloprodaja","40":"product_tag-misevi","41":"product_tag-naruci","42":"product_tag-online","43":"product_tag-poljoprivreda","44":"product_tag-povrce","45":"product_tag-prskanje","46":"product_tag-sarajevo","47":"product_tag-shop","48":"product_tag-sprej","49":"product_tag-veleprodaja","50":"product_tag-voce","51":"product_tag-zastita","53":"first","54":"instock","55":"shipping-taxable","56":"product-type-external"},"jetpack_sharing_enabled":true,"_links":{"self":[{"href":"https:\/\/www.behardoo.ba\/index.php\/wp-json\/wp\/v2\/product\/330","targetHints":{"allow":["GET"]}}],"collection":[{"href":"https:\/\/www.behardoo.ba\/index.php\/wp-json\/wp\/v2\/product"}],"about":[{"href":"https:\/\/www.behardoo.ba\/index.php\/wp-json\/wp\/v2\/types\/product"}],"wp:featuredmedia":[{"embeddable":true,"href":"https:\/\/www.behardoo.ba\/index.php\/wp-json\/wp\/v2\/media\/331"}],"wp:attachment":[{"href":"https:\/\/www.behardoo.ba\/index.php\/wp-json\/wp\/v2\/media?parent=330"}],"wp:term":[{"taxonomy":"product_brand","embeddable":true,"href":"https:\/\/www.behardoo.ba\/index.php\/wp-json\/wp\/v2\/product_brand?post=330"},{"taxonomy":"product_cat","embeddable":true,"href":"https:\/\/www.behardoo.ba\/index.php\/wp-json\/wp\/v2\/product_cat?post=330"},{"taxonomy":"product_tag","embeddable":true,"href":"https:\/\/www.behardoo.ba\/index.php\/wp-json\/wp\/v2\/product_tag?post=330"}],"curies":[{"name":"wp","href":"https:\/\/api.w.org\/{rel}","templated":true}]}}