{"id":339,"date":"2023-07-20T20:20:05","date_gmt":"2023-07-20T18:20:05","guid":{"rendered":"http:\/\/www.behardoo.ba\/?post_type=product&#038;p=339"},"modified":"2023-07-20T20:20:06","modified_gmt":"2023-07-20T18:20:06","slug":"polumaska-2000t","status":"publish","type":"product","link":"https:\/\/www.behardoo.ba\/index.php\/product\/polumaska-2000t\/","title":{"rendered":"Polumaska 2000t"},"content":{"rendered":"<h2><strong>Polumaska 2000t<\/strong><\/h2>\n<p><b>Za\u0161tita Va\u0161eg respiratornog sistema od opasnih para, gasova, pra\u0161ine i drugih \u010destica je standard za zdravlje i sigurnost. Na\u0161i respiratori sa polumaskom s dvostrukim zamjenjivim filterima namjeravaju upravo to. Ovi respiratori imaju CE oznaku, prema EU regulativi 89\/686\/EEC kao LZO CAT III i uskla\u0111eni su sa EN140:1998. Polumaska za vi\u0161ekratnu upotrebu kompatibilna je s dva zamjenjiva filtera, nude\u0107i korisniku maksimalnu udobnost i izdr\u017eljivost. LZO (oprema za li\u010dnu za\u0161titu) treba da vam bude u prvom planu kada obavljate specijalisti\u010dke zadatke. Na\u0161a polumaska serije 2000 \u0161titi korisnika svojim gumenim tijelom za jaku otpornost na agresivne atmosfere i dosadne alergije. Respirator je tako\u0111er veoma udoban, mekog i fleksibilnog tijela, dobro izbalansiran i savr\u0161eno raspore\u0111uje pritisak hermeti\u010dke brtve na lice. Respiratori ove vrste su protiv toga i zahtijevaju stalno odr\u017eavanje. Na\u0161a polumaska ima patentirani bajonet sistem koji \u010dini uklanjanje i zamjenu filtera vrlo jednostavnim, a tako\u0111er ima mali broj dijelova kako bi se osigurala jednostavnost pri \u010di\u0161\u0107enju i odr\u017eavanju maske za lice.<\/b><\/p>\n","protected":false},"excerpt":{"rendered":"<h2><strong>Polumaska 2000t<\/strong><\/h2>\n<p><b>Za\u0161tita Va\u0161eg respiratornog sistema od opasnih para, gasova, pra\u0161ine i drugih \u010destica je standard za zdravlje i sigurnost. Na\u0161i respiratori sa polumaskom s dvostrukim zamjenjivim filterima namjeravaju upravo to. Ovi respiratori imaju CE oznaku, prema EU regulativi 89\/686\/EEC kao LZO CAT III i uskla\u0111eni su sa EN140:1998. Polumaska za vi\u0161ekratnu upotrebu kompatibilna je s dva zamjenjiva filtera, nude\u0107i korisniku maksimalnu udobnost i izdr\u017eljivost.<\/b><\/p>\n<a href=\"https:\/\/www.behardoo.ba\/index.php\/product\/polumaska-2000t\/\" class=\"btn frontech-btn\"><span><\/span>Detalji<\/a>","protected":false},"featured_media":340,"template":"","meta":[],"product_brand":[],"product_cat":[351,152,120,352],"product_tag":[657,186,27,226,462,343,286,285,396,388,310,425,60,235,59,158,658,319,441,200,98,251,586,205,206,101,224,218,359,135,47,393,395,364,399,401,659,54,656,483,215,476,272,426,394,94],"class_list":{"0":"post-339","1":"product","2":"type-product","3":"status-publish","4":"has-post-thumbnail","6":"product_cat-deratizacija","7":"product_cat-dezinfekcija","8":"product_cat-ostali-proizvodi","9":"product_cat-zastita_bilja","10":"product_tag-2000t","11":"product_tag-agrar","12":"product_tag-agro","13":"product_tag-behar","14":"product_tag-behardoo","15":"product_tag-bih","16":"product_tag-bosna","17":"product_tag-bosnia","18":"product_tag-chem","19":"product_tag-chemical","20":"product_tag-d-o-o","21":"product_tag-ddd","22":"product_tag-degesch","23":"product_tag-deratizacija","24":"product_tag-detia","25":"product_tag-dezinfekcija","26":"product_tag-disajni","27":"product_tag-doo","28":"product_tag-dostava","29":"product_tag-farm","30":"product_tag-farma","31":"product_tag-farmer","32":"product_tag-filter","33":"product_tag-fungicid","34":"product_tag-fungicidi","35":"product_tag-gas","36":"product_tag-hemija","37":"product_tag-herbicid","38":"product_tag-hercegovina","39":"product_tag-insekti","40":"product_tag-insekticid","41":"product_tag-kupi","42":"product_tag-maloprodaja","43":"product_tag-maska","44":"product_tag-naruci","45":"product_tag-online","46":"product_tag-organi","47":"product_tag-poljoprivreda","48":"product_tag-polumaska","49":"product_tag-poprskati","50":"product_tag-prskanje","51":"product_tag-prskati","52":"product_tag-sarajevo","53":"product_tag-shop","54":"product_tag-veleprodaja","55":"product_tag-zastita","57":"first","58":"instock","59":"shipping-taxable","60":"product-type-external"},"jetpack_sharing_enabled":true,"_links":{"self":[{"href":"https:\/\/www.behardoo.ba\/index.php\/wp-json\/wp\/v2\/product\/339","targetHints":{"allow":["GET"]}}],"collection":[{"href":"https:\/\/www.behardoo.ba\/index.php\/wp-json\/wp\/v2\/product"}],"about":[{"href":"https:\/\/www.behardoo.ba\/index.php\/wp-json\/wp\/v2\/types\/product"}],"wp:featuredmedia":[{"embeddable":true,"href":"https:\/\/www.behardoo.ba\/index.php\/wp-json\/wp\/v2\/media\/340"}],"wp:attachment":[{"href":"https:\/\/www.behardoo.ba\/index.php\/wp-json\/wp\/v2\/media?parent=339"}],"wp:term":[{"taxonomy":"product_brand","embeddable":true,"href":"https:\/\/www.behardoo.ba\/index.php\/wp-json\/wp\/v2\/product_brand?post=339"},{"taxonomy":"product_cat","embeddable":true,"href":"https:\/\/www.behardoo.ba\/index.php\/wp-json\/wp\/v2\/product_cat?post=339"},{"taxonomy":"product_tag","embeddable":true,"href":"https:\/\/www.behardoo.ba\/index.php\/wp-json\/wp\/v2\/product_tag?post=339"}],"curies":[{"name":"wp","href":"https:\/\/api.w.org\/{rel}","templated":true}]}}