{"id":357,"date":"2023-10-18T16:46:24","date_gmt":"2023-10-18T14:46:24","guid":{"rendered":"http:\/\/www.behardoo.ba\/?post_type=product&#038;p=357"},"modified":"2025-07-01T18:07:42","modified_gmt":"2025-07-01T16:07:42","slug":"bros-feromonska-zamka-za-zohare","status":"publish","type":"product","link":"https:\/\/www.behardoo.ba\/index.php\/product\/bros-feromonska-zamka-za-zohare\/","title":{"rendered":"BROS Feromonska zamka za \u017eohare"},"content":{"rendered":"<h2><strong><span style=\"color: #3366ff;\">BROS<\/span> Feromonska zamka za \u017eohare<\/strong><\/h2>\n<p>\ud83e\udeb3 Dosta Vam je \u017eohara koji upadaju u Va\u0161 prostor? Recite zbogom ovim \u0161teto\u010dinama uz BROS feromonsku zamke za \u017eohare!<\/p>\n<p>\ud83c\udfe1 Odr\u017eite svoj dom \u010distim, sigurnim i bez \u017eohara uz na\u0161u mo\u0107nu zamku za \u017eohare, koja sadr\u017ei ljepilo i feromone. Evo za\u0161to su Vam potrebne BROS zamke za \u017eohare:<\/p>\n<p>\u2728 <strong>Za\u0161to odabrati BROS zamke za \u017eohare?<\/strong><\/p>\n<p>\u2705 Atrakcija feromona: Na\u0161e zamke su opremljene sna\u017enim feromonima koji mame \u017eohare, osiguravaju\u0107i da nemaju \u0161anse da odole.<\/p>\n<p>\u2705 Netoksi\u010dno: BROS zamke za \u017eohare su bezbjedne za Va\u0161u porodicu i ku\u0107ne ljubimce, obezbje\u0111uju\u0107i mir u Va\u0161em domu.<\/p>\n<p>\u2705 Jednostavan za upotrebu: samo ogulite za\u0161tini sloj i stavite na podru\u010dja sklona buba\u0161vabama. Bez nereda, bez haosa!<\/p>\n<p>\u2705 Trajni rezultati: Na\u0161e zamke rade dok se posao ne zavr\u0161i, tako da mo\u017eete u\u017eivati u okru\u017eenju bez \u017eohara.<\/p>\n<p>Ne dozvolite da ovi ne\u017eeljeni gosti zauzmu Va\u0161 prostor. Vrijeme je da preuzmete kontrolu! \ud83d\udeab<\/p>\n<p>\u260e\ufe0f Nabavite svoje BROS zamke za \u017eohare danas i u\u017eivajte u domu bez \u0161teto\u010dina i stresa. Pi\u0161ite nam ili nas pozovite na: <strong>061 221 470<\/strong><\/p>\n<p>\ud83d\ude9a Tro\u0161ak dostave brzom po\u0161tom je <strong>8,00 KM<\/strong><\/p>\n<p>Oprostite se od \u017eohara i po\u017eelite dobrodo\u0161licu \u010distom domu bez \u017eohara zahvaljuju\u0107i BROS zamkama za \u017eohare! \ud83e\udeb3\ud83d\udeab<\/p>\n","protected":false},"excerpt":{"rendered":"<h2><strong><span style=\"color: #3366ff;\">BROS<\/span> Feromonska zamka za \u017eohare<\/strong><\/h2>\n<p>\ud83e\udeb3 Dosta Vam je \u017eohara koji upadaju u Va\u0161 prostor? Recite zbogom ovim \u0161teto\u010dinama uz BROS feromonsku zamke za \u017eohare!<\/p>\n<p>\ud83c\udfe1 Odr\u017eite svoj dom \u010distim, sigurnim i bez \u017eohara uz na\u0161u mo\u0107nu zamku za \u017eohare, koja sadr\u017ei ljepilo i feromone.<\/p>\n<a href=\"https:\/\/www.behardoo.ba\/index.php\/product\/bros-feromonska-zamka-za-zohare\/\" class=\"btn frontech-btn\"><span><\/span>Detalji<\/a>","protected":false},"featured_media":358,"template":"","meta":[],"product_brand":[],"product_cat":[351,50,120],"product_tag":[186,27,679,226,462,343,286,285,545,396,388,310,425,235,319,441,98,508,683,682,359,135,47,684,685,393,289,307,641,395,399,401,54,678,400,272,426,687,688,394,512,686,94,84,255,83],"class_list":{"0":"post-357","1":"product","2":"type-product","3":"status-publish","4":"has-post-thumbnail","6":"product_cat-deratizacija","7":"product_cat-insekticidi","8":"product_cat-ostali-proizvodi","9":"product_tag-agrar","10":"product_tag-agro","11":"product_tag-apoteka","12":"product_tag-behar","13":"product_tag-behardoo","14":"product_tag-bih","15":"product_tag-bosna","16":"product_tag-bosnia","17":"product_tag-bros","18":"product_tag-chem","19":"product_tag-chemical","20":"product_tag-d-o-o","21":"product_tag-ddd","22":"product_tag-deratizacija","23":"product_tag-doo","24":"product_tag-dostava","25":"product_tag-farma","26":"product_tag-feromon","27":"product_tag-feromona","28":"product_tag-feromonom","29":"product_tag-hercegovina","30":"product_tag-insekti","31":"product_tag-insekticid","32":"product_tag-klopka","33":"product_tag-klopke","34":"product_tag-kupi","35":"product_tag-kutija","36":"product_tag-ljepilo","37":"product_tag-ljepljiva","38":"product_tag-maloprodaja","39":"product_tag-naruci","40":"product_tag-online","41":"product_tag-poljoprivreda","42":"product_tag-poljoprivredna","43":"product_tag-poruci","44":"product_tag-sarajevo","45":"product_tag-shop","46":"product_tag-tunel","47":"product_tag-tuneli","48":"product_tag-veleprodaja","49":"product_tag-zamka","50":"product_tag-zamke","51":"product_tag-zastita","52":"product_tag-zohar","53":"product_tag-zohara","54":"product_tag-zohari","56":"first","57":"instock","58":"shipping-taxable","59":"product-type-external"},"jetpack_sharing_enabled":true,"_links":{"self":[{"href":"https:\/\/www.behardoo.ba\/index.php\/wp-json\/wp\/v2\/product\/357","targetHints":{"allow":["GET"]}}],"collection":[{"href":"https:\/\/www.behardoo.ba\/index.php\/wp-json\/wp\/v2\/product"}],"about":[{"href":"https:\/\/www.behardoo.ba\/index.php\/wp-json\/wp\/v2\/types\/product"}],"wp:featuredmedia":[{"embeddable":true,"href":"https:\/\/www.behardoo.ba\/index.php\/wp-json\/wp\/v2\/media\/358"}],"wp:attachment":[{"href":"https:\/\/www.behardoo.ba\/index.php\/wp-json\/wp\/v2\/media?parent=357"}],"wp:term":[{"taxonomy":"product_brand","embeddable":true,"href":"https:\/\/www.behardoo.ba\/index.php\/wp-json\/wp\/v2\/product_brand?post=357"},{"taxonomy":"product_cat","embeddable":true,"href":"https:\/\/www.behardoo.ba\/index.php\/wp-json\/wp\/v2\/product_cat?post=357"},{"taxonomy":"product_tag","embeddable":true,"href":"https:\/\/www.behardoo.ba\/index.php\/wp-json\/wp\/v2\/product_tag?post=357"}],"curies":[{"name":"wp","href":"https:\/\/api.w.org\/{rel}","templated":true}]}}