{"id":404,"date":"2024-02-13T17:53:59","date_gmt":"2024-02-13T16:53:59","guid":{"rendered":"https:\/\/www.behardoo.ba\/?post_type=product&#038;p=404"},"modified":"2024-02-13T17:54:00","modified_gmt":"2024-02-13T16:54:00","slug":"bros-gel-protiv-zohara-20g","status":"publish","type":"product","link":"https:\/\/www.behardoo.ba\/index.php\/product\/bros-gel-protiv-zohara-20g\/","title":{"rendered":"BROS Gel protiv \u017eohara 20g"},"content":{"rendered":"<h2><strong>BROS Gel protiv \u017eohara 20g<\/strong><\/h2>\n<p>\ud83d\udea8 Recite zbogom \u017eoharima uz BROS Gel protiv \u017eohara! \ud83d\udea8<\/p>\n<p>&nbsp;<\/p>\n<p>Da li ste zgro\u017eeni od ne\u017eeljenih gostiju koji haraju po Va\u0161em domu? BROS Gel je Va\u0161e vrhunsko rje\u0161enje da oslobodite svoj prostor od \u017eohara! Na\u0161a revolucionarna formulacija je dizajnirana da privu\u010de i efikasno elimini\u0161e \u017eohare, osiguravaju\u0107i da Va\u0161 dom ostane bez \u0161teto\u010dina.<\/p>\n<p>&nbsp;<\/p>\n<p>Za\u0161to odabrati BROS Gel mamac?<\/p>\n<p>&#8211; \u2705 Efektivno: Ciljano je za sve vrste \u017eohara, osiguravaju\u0107i temeljno iskorenjivanje.<\/p>\n<p>&#8211; \u2705 Dugotrajno: Pru\u017ea kontinuiranu za\u0161titu, \u010duvaju\u0107i Va\u0161 dom du\u017ee bez buba\u0161vaba.<\/p>\n<p>&#8211; \u2705 Jednostavna upotreba: Jednostavan proces aplikacije koji se uklapa u Va\u0161 u\u017eurbani raspored.<\/p>\n<p>&#8211; \u2705 Bezbjedno: Formulisano da bude bezbjedno oko Va\u0161e porodice i ku\u0107nih ljubimaca kada se koristi prema uputstvima.<\/p>\n<p>&nbsp;<\/p>\n<p>\ud83c\udf1f Naru\u010dite odmah \ud83c\udf1f<\/p>\n<p>Isprobajte BROS Gel Bait sada i uvjerite se u njegovo brzo djelovanje. Napravite Va\u0161 dom ponovo \u010distim i sigurniji ve\u0107 danas. Pi\u0161ite nam ili nas pozovite na 061221470 i napravite prvi korak ka domu bez \u017eohara!<\/p>\n<p>&nbsp;<\/p>\n<p>### Kako koristiti BROS gel protiv \u017eohara:<\/p>\n<p>&nbsp;<\/p>\n<ol>\n<li>Identifikujte problemati\u010dna podru\u010dja: Potra\u017eite podru\u010dja u kojima se \u017eohari skrivaju ili prolaze, kao \u0161to su ispod lavaboa, iza ure\u0111aja i du\u017e podnih plo\u010da.<\/li>\n<li>Nanesite gel: Nanesite malu koli\u010dinu BROS Gela na ova podru\u010dja. Gel bi trebao biti u malim ta\u010dkicama ili linijama, veli\u010dine zrna gra\u0161ka, na razmaku od 30-60 cm u podru\u010djima s velikom infestacijom.<\/li>\n<li>\u010cekajte i ponovite: Nakon nano\u0161enja, pri\u010dekajte da se dogodi magija. \u017dohare \u0107e privu\u0107i gel i konzumirati ga, \u0161to \u0107e na kraju dovesti do njihove eliminacije. Provjeravajte mrlje svakih nekoliko dana i po potrebi ponovo nanesite kako bi odr\u017eali kontrolu. Gel nanesen ostaje aktivan do 3 mjeseca, a jedna tuba je dovoljna za povr\u0161inu do 83 m3.<\/li>\n<li>U\u017eivajte u domu bez \u017eohara: Redovnom upotrebom primijetit \u0107ete zna\u010dajno smanjenje aktivnosti \u017eohara. BROS Gel radi 24 sata dnevno kako bi za\u0161titio Va\u0161 dom.<\/li>\n<\/ol>\n<p>&nbsp;<\/p>\n<p>Ne dozvolite da Vam \u017eohari remete mir. Vjerujte BROS gelu za \u010distiji, sigurniji dom.<\/p>\n<p>Aktivna materija: Imidakloprid<\/p>\n","protected":false},"excerpt":{"rendered":"<h2><strong>BROS Gel protiv \u017eohara 20g<\/strong><\/h2>\n<p>\ud83d\udea8 Recite zbogom \u017eoharima uz BROS Gel protiv \u017eohara! \ud83d\udea8<\/p>\n<p>&nbsp;<\/p>\n<p>Da li ste zgro\u017eeni od ne\u017eeljenih gostiju koji haraju po Va\u0161em domu? BROS Gel je Va\u0161e vrhunsko rje\u0161enje da oslobodite svoj prostor od \u017eohara! Na\u0161a revolucionarna formulacija je dizajnirana da privu\u010de i efikasno elimini\u0161e \u017eohare, osiguravaju\u0107i da Va\u0161 dom ostane bez \u0161teto\u010dina.<\/p>\n<a href=\"https:\/\/www.behardoo.ba\/index.php\/product\/bros-gel-protiv-zohara-20g\/\" class=\"btn frontech-btn\"><span><\/span>Detalji<\/a>","protected":false},"featured_media":405,"template":"","meta":[],"product_brand":[],"product_cat":[351,50],"product_tag":[186,27,226,462,343,286,285,545,745,746,396,388,310,425,235,749,750,158,319,441,200,98,251,81,224,359,747,135,47,393,395,507,748,399,497,401,54,400,539,215,272,426,394,94,255,83],"class_list":{"0":"post-404","1":"product","2":"type-product","3":"status-publish","4":"has-post-thumbnail","6":"product_cat-deratizacija","7":"product_cat-insekticidi","8":"product_tag-agrar","9":"product_tag-agro","10":"product_tag-behar","11":"product_tag-behardoo","12":"product_tag-bih","13":"product_tag-bosna","14":"product_tag-bosnia","15":"product_tag-bros","16":"product_tag-bubasvabe","17":"product_tag-bubasvabi","18":"product_tag-chem","19":"product_tag-chemical","20":"product_tag-d-o-o","21":"product_tag-ddd","22":"product_tag-deratizacija","23":"product_tag-deratizacijski","24":"product_tag-deratizer","25":"product_tag-dezinfekcija","26":"product_tag-doo","27":"product_tag-dostava","28":"product_tag-farm","29":"product_tag-farma","30":"product_tag-farmer","31":"product_tag-gel","32":"product_tag-hemija","33":"product_tag-hercegovina","34":"product_tag-imidakloprid","35":"product_tag-insekti","36":"product_tag-insekticid","37":"product_tag-kupi","38":"product_tag-maloprodaja","39":"product_tag-mamac","40":"product_tag-nardzba","41":"product_tag-naruci","42":"product_tag-narudzba","43":"product_tag-online","44":"product_tag-poljoprivreda","45":"product_tag-poruci","46":"product_tag-protiv","47":"product_tag-prskanje","48":"product_tag-sarajevo","49":"product_tag-shop","50":"product_tag-veleprodaja","51":"product_tag-zastita","52":"product_tag-zohara","53":"product_tag-zohari","55":"first","56":"instock","57":"shipping-taxable","58":"product-type-external"},"jetpack_sharing_enabled":true,"_links":{"self":[{"href":"https:\/\/www.behardoo.ba\/index.php\/wp-json\/wp\/v2\/product\/404","targetHints":{"allow":["GET"]}}],"collection":[{"href":"https:\/\/www.behardoo.ba\/index.php\/wp-json\/wp\/v2\/product"}],"about":[{"href":"https:\/\/www.behardoo.ba\/index.php\/wp-json\/wp\/v2\/types\/product"}],"wp:featuredmedia":[{"embeddable":true,"href":"https:\/\/www.behardoo.ba\/index.php\/wp-json\/wp\/v2\/media\/405"}],"wp:attachment":[{"href":"https:\/\/www.behardoo.ba\/index.php\/wp-json\/wp\/v2\/media?parent=404"}],"wp:term":[{"taxonomy":"product_brand","embeddable":true,"href":"https:\/\/www.behardoo.ba\/index.php\/wp-json\/wp\/v2\/product_brand?post=404"},{"taxonomy":"product_cat","embeddable":true,"href":"https:\/\/www.behardoo.ba\/index.php\/wp-json\/wp\/v2\/product_cat?post=404"},{"taxonomy":"product_tag","embeddable":true,"href":"https:\/\/www.behardoo.ba\/index.php\/wp-json\/wp\/v2\/product_tag?post=404"}],"curies":[{"name":"wp","href":"https:\/\/api.w.org\/{rel}","templated":true}]}}