{"id":496,"date":"2024-06-26T19:20:39","date_gmt":"2024-06-26T17:20:39","guid":{"rendered":"https:\/\/www.behardoo.ba\/?post_type=product&#038;p=496"},"modified":"2024-06-26T19:20:39","modified_gmt":"2024-06-26T17:20:39","slug":"neopitroid-alfa-100ml","status":"publish","type":"product","link":"https:\/\/www.behardoo.ba\/index.php\/product\/neopitroid-alfa-100ml\/","title":{"rendered":"NEOPITROID Alfa 100ml"},"content":{"rendered":"<h4><strong>AKTIVNA TVAR:<\/strong><\/h4>\n<p>alfa-cipermetrin (5.8%) koja se nalazi u obliku iznimno sitnih kristalnih \u010destica.<\/p>\n<p><strong>NEOPITROID ALFA<\/strong> djeluje vrlo brzo i ima izrazito dugotrajni u\u010dinak, \u010dak do 12 sedmica. Zbog niske toksi\u010dnosti za ljude i toplokrvne \u017eivotinje primjerena je za suzbijanje \u0161tetnika u doma\u0107instvima i javnim ustanovama kao \u0161to su bolnice, \u0161kole, ugostiteljski objekti i u prehrambenoj industriji gdje suzbijanje insekata \u010desto predstavlja veliki problem. U usporedbi sa uobi\u010dajenim biocidima, NEOPITROID ALFA zbog svoje formulacije jam\u010di visoki u\u010dinak s niskom potro\u0161njom na svim vrstama povr\u0161ina. Vrlo brzo nakon upotrebe nastaje tzv. \u00bbknock down\u00ab efekat.<\/p>\n<h4><strong>UPOTREBA I DOZIRANJE:<\/strong><\/h4>\n<p>Za tretiranje 100 m\u00b2 \u00a0povr\u0161ine dovoljno je 25 ml\u00a0<strong>NEOPITROID ALFA<\/strong>\u00a0razrijediti s 5 litara vode. Dvostruka koli\u010dina mje\u0161avine za prskanje za istu povr\u0161inu preporu\u010da se ako se radi o vrlo zaga\u0111enim i poroznim povr\u0161inama ili povr\u0161inama koje jako upijaju kako bi na povr\u0161ini ostala odgovaraju\u0107a koli\u010dina djelotvornog pripravka.<\/p>\n<p><strong>Preporuke za upotrebu protiv razli\u010ditih \u0161tetnika:<\/strong><\/p>\n<p><strong>\u2013 lete\u0107i insekti:<\/strong>\u00a0kod suzbijanja tretiraju se povr\u0161ine na kojima se ina\u010de zadr\u017eavaju muhe, moljci i ostali insekti<\/p>\n<p><strong>\u2013\u00a0 \u017eohari:<\/strong> njema\u010dki, orijentalni, ameri\u010dki i ostali nametnici, posebno oni koji uni\u0161tavaju materijal, na primjer srebrne ribice, insekti u tepisima i ostali insekti, npr. lete\u0107e matice i paukovi. U tom slu\u010daju pripravak primjenjujemo na okvirima i oplatama u pe\u0107nicama, hladnjacima i ostalim dijelovima opreme. Naime, ti insekti \u017eive na skrivenim mjestima u raznim pukotinama. Posebno vla\u017ena i topla mjesta, kao \u0161to su motor agregata za hla\u0111enje i sanitarna oprema naro\u010dito su omiljena skrovi\u0161ta za tu vrstu insekata. Doseljavanje na takva mjesta mo\u017ee se sprije\u010diti s 10 cm \u0161irokim trakama (za\u0161titna pregrada).<\/p>\n<p><strong>\u2013 mravi:<\/strong>\u00a0tretirati staze i povr\u0161ine gdje se nalaze gnijezda mrava. Dodatno se mogu postaviti insekticidne pregrade kako bi se sprije\u010dio prodor mrava u stambeni prostor.Tretiranjem staza po kojima se kre\u0107u mravi kao \u0161to su npr. pragovi i okviri vrata mogu\u0107e je u\u010dinkovito zaustaviti prodiranje mrava. Kada nije mogu\u0107e lokalizirati gnijezdo mogu\u0107e je postavljanje posebnih mamaca.<\/p>\n<p><strong>\u2013 stjenica:<\/strong> tretiranje okvira kreveta, namje\u0161taja i zidova koji su u blizini kreveta. Obratiti posebnu pozornost na pukotine. Ne prskati posteljinu!<\/p>\n<p><strong>\u2013 buhe:<\/strong>\u00a0tretiranje pogo\u0111enih povr\u0161ina kao \u0161to su podovi i podne obloge, pragovi, pukotine u podovima, tapecirani namje\u0161taj, mjesta gdje spavaju doma\u0107e \u017eivotinje. Doma\u0107e \u017eivotinje bezuvjetno mora pregledati i veterinar kako bi se sprije\u010dio trajni napad \u0161tetnika.<\/p>\n<p><strong>Suzbija:<\/strong>\u00a0muhe (<em>Musca domestica, Fannia spp., Simulium spp., Glossina spp<\/em>.), komarce (<em>Anopheles spp., Culex spp., Aedes spp.<\/em>), \u017eohare (<em>Blatella germanica, Blatta orientalis, Periplorieta americana<\/em>), mrave (<em>Formicidae<\/em>), buhe (<em>Xenopsylla cheopsis<\/em>), stjenice (<em>Cimex spp., Triatoma spp., Rhodnius spp<\/em>.) i jo\u0161 mnoge druge insekte.<\/p>\n<p>Za sve infomacije nam pi\u0161ite ili nas pozovite na <strong>061221470<\/strong><\/p>\n","protected":false},"excerpt":{"rendered":"<h4><strong>AKTIVNA TVAR:<\/strong><\/h4>\n<p>alfa-cipermetrin (5.8%) koja se nalazi u obliku iznimno sitnih kristalnih \u010destica.<\/p>\n<p><strong>NEOPITROID ALFA<\/strong> djeluje vrlo brzo i ima izrazito dugotrajni u\u010dinak, \u010dak do 12 sedmica. Zbog niske toksi\u010dnosti za ljude i toplokrvne \u017eivotinje primjerena je za suzbijanje \u0161tetnika u doma\u0107instvima i javnim ustanovama kao \u0161to su bolnice, \u0161kole, ugostiteljski objekti i u prehrambenoj industriji gdje suzbijanje insekata \u010desto predstavlja veliki problem. U usporedbi sa uobi\u010dajenim biocidima, NEOPITROID ALFA zbog svoje formulacije jam\u010di visoki u\u010dinak s niskom potro\u0161njom na svim vrstama povr\u0161ina. Vrlo brzo nakon upotrebe nastaje tzv. \u00bbknock down\u00ab efekat.<\/p>\n<a href=\"https:\/\/www.behardoo.ba\/index.php\/product\/neopitroid-alfa-100ml\/\" class=\"btn frontech-btn\"><span><\/span>Detalji<\/a>","protected":false},"featured_media":497,"template":"","meta":[],"product_brand":[],"product_cat":[351,50],"product_tag":[413,186,27,466,937,679,377,226,462,343,286,285,939,137,940,396,388,936,310,425,235,236,319,441,200,98,251,224,359,135,47,230,393,395,314,647,645,646,151,938,136,943,399,932,850,401,570,772,54,678,400,215,272,426,942,935,680,436,941,934,394,94,84,255,83,933],"class_list":{"0":"post-496","1":"product","2":"type-product","3":"status-publish","4":"has-post-thumbnail","6":"product_cat-deratizacija","7":"product_cat-insekticidi","8":"product_tag-413","9":"product_tag-agrar","10":"product_tag-agro","11":"product_tag-alfa","12":"product_tag-alfa-cipermetrin","13":"product_tag-apoteka","14":"product_tag-basf","15":"product_tag-behar","16":"product_tag-behardoo","17":"product_tag-bih","18":"product_tag-bosna","19":"product_tag-bosnia","20":"product_tag-buha","21":"product_tag-buhe","22":"product_tag-buhu","23":"product_tag-chem","24":"product_tag-chemical","25":"product_tag-cipermetrin","26":"product_tag-d-o-o","27":"product_tag-ddd","28":"product_tag-deratizacija","29":"product_tag-dezinsekcija","30":"product_tag-doo","31":"product_tag-dostava","32":"product_tag-farm","33":"product_tag-farma","34":"product_tag-farmer","35":"product_tag-hemija","36":"product_tag-hercegovina","37":"product_tag-insekti","38":"product_tag-insekticid","39":"product_tag-koncentrat","40":"product_tag-kupi","41":"product_tag-maloprodaja","42":"product_tag-ml","43":"product_tag-moljac","44":"product_tag-moljaca","45":"product_tag-moljci","46":"product_tag-mrav","47":"product_tag-mrava","48":"product_tag-mravi","49":"product_tag-mravu","50":"product_tag-naruci","51":"product_tag-neopitroid","52":"product_tag-novag","53":"product_tag-online","54":"product_tag-poljo","55":"product_tag-poljoapoteka","56":"product_tag-poljoprivreda","57":"product_tag-poljoprivredna","58":"product_tag-poruci","59":"product_tag-prskanje","60":"product_tag-sarajevo","61":"product_tag-shop","62":"product_tag-stijenica","63":"product_tag-stijenice","64":"product_tag-stjenica","65":"product_tag-stjenice","66":"product_tag-stjenici","67":"product_tag-stjenicu","68":"product_tag-veleprodaja","69":"product_tag-zastita","70":"product_tag-zohar","71":"product_tag-zohara","72":"product_tag-zohari","73":"product_tag-zoharu","75":"first","76":"instock","77":"shipping-taxable","78":"product-type-external"},"jetpack_sharing_enabled":true,"_links":{"self":[{"href":"https:\/\/www.behardoo.ba\/index.php\/wp-json\/wp\/v2\/product\/496","targetHints":{"allow":["GET"]}}],"collection":[{"href":"https:\/\/www.behardoo.ba\/index.php\/wp-json\/wp\/v2\/product"}],"about":[{"href":"https:\/\/www.behardoo.ba\/index.php\/wp-json\/wp\/v2\/types\/product"}],"wp:featuredmedia":[{"embeddable":true,"href":"https:\/\/www.behardoo.ba\/index.php\/wp-json\/wp\/v2\/media\/497"}],"wp:attachment":[{"href":"https:\/\/www.behardoo.ba\/index.php\/wp-json\/wp\/v2\/media?parent=496"}],"wp:term":[{"taxonomy":"product_brand","embeddable":true,"href":"https:\/\/www.behardoo.ba\/index.php\/wp-json\/wp\/v2\/product_brand?post=496"},{"taxonomy":"product_cat","embeddable":true,"href":"https:\/\/www.behardoo.ba\/index.php\/wp-json\/wp\/v2\/product_cat?post=496"},{"taxonomy":"product_tag","embeddable":true,"href":"https:\/\/www.behardoo.ba\/index.php\/wp-json\/wp\/v2\/product_tag?post=496"}],"curies":[{"name":"wp","href":"https:\/\/api.w.org\/{rel}","templated":true}]}}