{"id":509,"date":"2024-07-17T10:27:36","date_gmt":"2024-07-17T08:27:36","guid":{"rendered":"https:\/\/www.behardoo.ba\/?post_type=product&#038;p=509"},"modified":"2024-07-17T10:27:38","modified_gmt":"2024-07-17T08:27:38","slug":"mospilan-20-sp-4g","status":"publish","type":"product","link":"https:\/\/www.behardoo.ba\/index.php\/product\/mospilan-20-sp-4g\/","title":{"rendered":"Mospilan 20 SP 4g"},"content":{"rendered":"<p><span style=\"color: #993366;\"><strong>Mospilan 20 SP 4g<\/strong><\/span><\/p>\n<p>Mospilan 20 SP je sistemi\u010dni insekticid koji se upotrebljava za suzbijanje sljede\u0107ih \u0161tetnika: krompirove zlatica, repinog buha\u010da, repine pipe te duhanovog tripsa i lisnih u\u0161iju na duhanu.<\/p>\n<p><strong>Sastav:<\/strong><br \/>\n100 g granula sadr\u017ei 20 g acetamiprida<\/p>\n<div><strong>Djelovanje:<\/strong><br \/>\n<span style=\"text-decoration: underline;\">MOSPILAN 20 SP<\/span> novi je insekticid za folijarnu primjenu iz skupine neonikotinoida. Aktivna tvar u sredstvu ometa prijenos podra\u017eaja u \u017eiv\u010danom sustavu \u0161tetnih organizama na na\u010din koji se razlikuje od insekticida iz skupine organofosfornih spojeva, karbamata i piretroida. Zbog toga MOSPILAN 20 SP djeluje i na one \u0161tetnike koji su postali djelomi\u010dno ili potpuno otporni na insekticide iz spomenutih skupina. MOSPILAN 20 SP pokazuje izrazito sistemi\u010dno i translaminarno djelovanje pa se ravnomjerno raspore\u0111uje u biljci te u malim koli\u010dinama pru\u017ea dugotrajnu za\u0161titu.<\/div>\n<p><strong>Upotreba:<br \/>\n<\/strong>Sadr\u017eaj kesice od 2,5g pomije\u0161ati sa 15L vode.<strong><br \/>\n<\/strong>Insekticid i lokalni sistemik MOSPILAN 20 SP se upotrebljava za suzbijanje sljede\u0107ih \u0161tetnika:<\/p>\n<p><strong>na krompiru<\/strong>\u00a0krumpirove zlatice (Leptinotarsa decemlineata) kada je ve\u0107ina li\u010dinki u stadiju L1 i L2 u koli\u010dini od 80 ili 120 g sredstva\/ha (8-12 g sredstva na 1000 m2) uz najvi\u0161e 2 tretiranja u vegetaciji<\/p>\n<p><strong>na \u0161e\u0107ernoj repi<\/strong>\u00a0repinog buha\u010da (Chaetocnema tibialis), repine pipe (Bothynoderes punctiventris), u koli\u010dini od 125 g\/ha (12,5 g na 1000 m\u02db ) uz samo jedno tretiranje u vegetaciji<\/p>\n<p><strong>na duhanu<\/strong>\u00a0lisnih u\u0161i (Aphididae) u koli\u010dini od 125 g\/ha (12,5 g sredstva na 1000 m2) i duhanovog tripsa (Thrips tabaci) u koli\u010dini od 300 g\/ha (30 g sredstva na 1000 m2) uz najvi\u0161e 2 tretiranja u vegetaciji;<\/p>\n<p><strong>Mije\u0161anje:<\/strong><br \/>\nMOSPILAN 20 SP se ne smije mije\u0161ati sa sredstvima na osnovi bakra i sredstvima na osnovi aktivne tvari dodin.<\/p>\n<p><strong>Fitotoksi\u010dnost:<\/strong><br \/>\nMOSPILAN 20 SP upotrebljen u preporu\u010denim koli\u010dinama i na opisani na\u010din nije toksi\u010dan za biljke.<\/p>\n<p><strong>Karenca i radna karenca:<\/strong><br \/>\n7 dana za krompir, 35 dana za duhan i \u0161e\u0107ernu repu. Radna karenca 24 sata. Doma\u0107e \u017eivotinje ne pu\u0161tati na ispa\u0161u 14 dana.<\/p>\n<p><strong>Ograni\u010denja:<\/strong><br \/>\nPrimjena iz zrakoplova nije dopu\u0161tena. Ne tretirati u cvatnji i za vrijeme leta p\u010dela. Izbjegavati da p\u010dele do\u0111u na neosu\u0161eno \u0161kropivo. Tretirati isklju\u010divo nakon leta p\u010dela.<\/p>\n<p><strong>Utjecaj sredstva na organizme:<\/strong><br \/>\nSredstvo nije opasno u primjeni za gujavice i ne o\u0161te\u0107uje mikrobiolo\u0161ku aktivnost zemlji\u0161ta.<\/p>\n<p>Za sve informacije nam pi\u0161ite ili nas pozovite na <strong>061221470<\/strong><\/p>\n","protected":false},"excerpt":{"rendered":"<p><span style=\"color: #993366;\"><strong>Mospilan 20 SP 4g<\/strong><\/span><\/p>\n<p>Mospilan 20 SP je sistemi\u010dni insekticid koji se upotrebljava za suzbijanje sljede\u0107ih \u0161tetnika: krompirove zlatica, repinog buha\u010da, repine pipe te duhanovog tripsa i lisnih u\u0161iju na duhanu.<\/p>\n<p><strong>Sastav:<\/strong><br \/>\n100 g granula sadr\u017ei 20 g acetamiprida<\/p>\n<a href=\"https:\/\/www.behardoo.ba\/index.php\/product\/mospilan-20-sp-4g\/\" class=\"btn frontech-btn\"><span><\/span>Detalji<\/a>","protected":false},"featured_media":510,"template":"","meta":[],"product_brand":[],"product_cat":[402,352],"product_tag":[180,974,843,186,27,679,226,462,343,286,285,194,976,396,388,310,319,441,193,200,98,251,980,171,258,224,359,135,47,357,183,393,977,978,198,395,179,399,191,850,401,570,772,54,678,400,275,215,272,426,973,344,979,199,394,123,94,182,975],"class_list":{"0":"post-509","1":"product","2":"type-product","3":"status-publish","4":"has-post-thumbnail","6":"product_cat-insekticidi-zastita_bilja","7":"product_cat-zastita_bilja","8":"product_tag-180","9":"product_tag-4g","10":"product_tag-acetamiprid","11":"product_tag-agrar","12":"product_tag-agro","13":"product_tag-apoteka","14":"product_tag-behar","15":"product_tag-behardoo","16":"product_tag-bih","17":"product_tag-bosna","18":"product_tag-bosnia","19":"product_tag-buhac","20":"product_tag-buhaca","21":"product_tag-chem","22":"product_tag-chemical","23":"product_tag-d-o-o","24":"product_tag-doo","25":"product_tag-dostava","26":"product_tag-duhan","27":"product_tag-farm","28":"product_tag-farma","29":"product_tag-farmer","30":"product_tag-granula","31":"product_tag-granulat","32":"product_tag-granule","33":"product_tag-hemija","34":"product_tag-hercegovina","35":"product_tag-insekti","36":"product_tag-insekticid","37":"product_tag-insekticidi","38":"product_tag-krompir","39":"product_tag-kupi","40":"product_tag-lisna-us","41":"product_tag-lisne","42":"product_tag-lisnih","43":"product_tag-maloprodaja","44":"product_tag-mospilan","45":"product_tag-naruci","46":"product_tag-nisso","47":"product_tag-novag","48":"product_tag-online","49":"product_tag-poljo","50":"product_tag-poljoapoteka","51":"product_tag-poljoprivreda","52":"product_tag-poljoprivredna","53":"product_tag-poruci","54":"product_tag-povrce","55":"product_tag-prskanje","56":"product_tag-sarajevo","57":"product_tag-shop","58":"product_tag-sp","59":"product_tag-sredstvo","60":"product_tag-usi","61":"product_tag-usiju","62":"product_tag-veleprodaja","63":"product_tag-voce","64":"product_tag-zastita","65":"product_tag-zlatica","66":"product_tag-zlaticu","68":"first","69":"instock","70":"shipping-taxable","71":"product-type-external"},"jetpack_sharing_enabled":true,"_links":{"self":[{"href":"https:\/\/www.behardoo.ba\/index.php\/wp-json\/wp\/v2\/product\/509","targetHints":{"allow":["GET"]}}],"collection":[{"href":"https:\/\/www.behardoo.ba\/index.php\/wp-json\/wp\/v2\/product"}],"about":[{"href":"https:\/\/www.behardoo.ba\/index.php\/wp-json\/wp\/v2\/types\/product"}],"wp:featuredmedia":[{"embeddable":true,"href":"https:\/\/www.behardoo.ba\/index.php\/wp-json\/wp\/v2\/media\/510"}],"wp:attachment":[{"href":"https:\/\/www.behardoo.ba\/index.php\/wp-json\/wp\/v2\/media?parent=509"}],"wp:term":[{"taxonomy":"product_brand","embeddable":true,"href":"https:\/\/www.behardoo.ba\/index.php\/wp-json\/wp\/v2\/product_brand?post=509"},{"taxonomy":"product_cat","embeddable":true,"href":"https:\/\/www.behardoo.ba\/index.php\/wp-json\/wp\/v2\/product_cat?post=509"},{"taxonomy":"product_tag","embeddable":true,"href":"https:\/\/www.behardoo.ba\/index.php\/wp-json\/wp\/v2\/product_tag?post=509"}],"curies":[{"name":"wp","href":"https:\/\/api.w.org\/{rel}","templated":true}]}}