{"id":532,"date":"2024-10-10T13:27:30","date_gmt":"2024-10-10T11:27:30","guid":{"rendered":"https:\/\/www.behardoo.ba\/?post_type=product&#038;p=532"},"modified":"2024-10-14T10:17:35","modified_gmt":"2024-10-14T08:17:35","slug":"herkules-1l-glifosat-totalni-herbicid","status":"publish","type":"product","link":"https:\/\/www.behardoo.ba\/index.php\/product\/herkules-1l-glifosat-totalni-herbicid\/","title":{"rendered":"Herkules 1L &#8211; Glifosat totalni herbicid"},"content":{"rendered":"<p>Sistemi\u010dni neselektivni herbicid \u2013 arboricid.<br \/>\nOblik formulacije: koncentrat za otopinu (SL).<br \/>\n<strong>HERKULES<\/strong> je namijenjen za suzbijanje jednogodi\u0161njih i vi\u0161egodi\u0161njih uskolisnih i<br \/>\n\u0161irokolisnih korova, vi\u0161egodi\u0161njih zeljastih te drvenastih korova s dubokim korijenom u:<\/p>\n<p><strong>Vo\u0107njacima<\/strong> (jabuka, kru\u0161ka, \u0161ljiva, vi\u0161nja i breskva) isklju\u010divo vi\u0161ih uzgojnih oblika, vinogradima, strni\u0161tima, nepoljoprivrednim povr\u0161inama<\/p>\n<ul>\n<li>jednogodi\u0161njih uskolisnih i \u0161irokolisnih korova<br \/>\nu koli\u010dini 2-3 l\/ha (20-30 ml na 100 m\u00b2) uz utro\u0161ak vode od 100-200 l\/ha.<br \/>\nvi\u0161egodi\u0161njih uskolisnih i \u0161irokolisnih korova ovisno od korovne vrste za suzbijanje:<\/li>\n<li>zuba\u010de u koli\u010dini 8 \u2013 9 l\/ha (80 \u2013 90 ml na 100 m\u00b2) za suzbijanje kada korov dosegne visinu 15-20 cm.<\/li>\n<li>poljskog slaka u koli\u010dini 6 \u2013 8 l\/ha (60 \u2013 80 ml na 100 m\u00b2) u vrijeme cvatnje.<\/li>\n<li>kupine u koli\u010dini 6 \u2013 7 l\/ha (60 \u2013 70 ml na 100 m\u00b2) za suzbijanje u septembru i oktobru.<\/li>\n<li>okruglog \u0161ilja 4+1 l\/ha u razdijeljenoj (split) primjeni (40+10 ml na 100 m\u00b2) u vrijeme cvatnje.<\/li>\n<li>divljeg sirka u koli\u010dini 3,5 \u2013 5 l\/ha (35 \u2013 50 ml na 100 m\u00b2) u fazi metli\u010danja, poljskog osjaka, kovr\u010dave kiselice, tupolisne kiselice i divljeg pelina kada su korovi visine 40 cm, te masla\u010dka.<\/li>\n<li>pirike 2,5 \u2013 3,5 l\/ha (25 \u2013 35 ml na 100 m\u00b2) kada dostigne visinu 15 \u2013 30 cm.Primjenjuje se u vo\u0107njacima starijim od dvije godine i vinogradima starijim od \u010detiri godine.<br \/>\nUtro\u0161ak vode: 100 \u2013 200 l\/ha.<\/li>\n<\/ul>\n<p><strong>\u0160umskim nasadima<\/strong><\/p>\n<ul>\n<li>u \u0161umskim rasadnicima smreke i bijelog bora za suzbijanje jednogodi\u0161njih i vi\u0161egodi\u0161njih uskolisnih i \u0161irokolisnih korova u vrijeme mirovanja sadnica u koncentraciji od 1% uz utro\u0161ak vode od 400 l\/ha (40 ml u 4 l vode na 100 m\u00b2) tretiranjem cijele povr\u0161ine ili u vrijeme aktivnog rasta u koncentraciji od 2% uz utro\u0161ak vode 400 l\/ha (80 ml u 4 l vode na 100 m\u00b2) tretiranjem izme\u0111u redova sadnica uz obaveznu upotrebu \u0161titnika.<\/li>\n<li>u mladim nasadima crnogori\u010dnog drve\u0107a za suzbijanje drvenastih korova listopadnog drve\u0107a u koncentraciji od 1,5% uz utro\u0161ak vode 500 l\/ha (75 ml u 5 l vode na 100 m\u00b2) tretiranjem izme\u0111u redova sadnica uz obaveznu upotrebu \u0161titnika.<\/li>\n<li>za suzbijanje korjenovih izdanaka i izbojaka iz panjeva listopadnog drve\u0107a (hrast, grab i bukva) u koncentraciji od 15% (1,5 l u 10 l vode) premazivanjem<br \/>\nodmah nakon sje\u010de, od maja do decembra.<\/li>\n<li>Primjenjuje se je jednom u vegetacijskoj sezoni.<\/li>\n<li>Na\u010din primjene sredstva prskanje prskalicama i premazivanje.<\/li>\n<li>Tokom primjene sredstva HERKULES u vo\u0107njacima i vinogradima potrebno je sprije\u010diti kontakt sredstva sa zelenim dijelovima biljaka.<\/li>\n<li>Prije primjene sredstva sprije\u010diti zano\u0161enje \u0161kropiva na susjedne kulture.<br \/>\n<strong><br \/>\nKARENCA:<\/strong><br \/>\n35 dana za jabuku, kru\u0161ku, \u0161ljivu, vi\u0161nju, breskvu i vinovu lozu.<br \/>\nNije primjenjiva za ostale kulture\/namjene u kojima je odobrena primjena.<\/li>\n<\/ul>\n<p>Za sve informacije nam pi\u0161ite, ili nas pozovite na: <strong>061 221 470<\/strong><\/p>\n","protected":false},"excerpt":{"rendered":"<p>Sistemi\u010dni neselektivni herbicid \u2013 arboricid.<br \/>\nOblik formulacije: koncentrat za otopinu (SL).<br \/>\n<strong>HERKULES<\/strong> je namijenjen za suzbijanje jednogodi\u0161njih i vi\u0161egodi\u0161njih uskolisnih i<br \/>\n\u0161irokolisnih korova, vi\u0161egodi\u0161njih zeljastih te drvenastih korova s dubokim korijenom.<\/p>\n<a href=\"https:\/\/www.behardoo.ba\/index.php\/product\/herkules-1l-glifosat-totalni-herbicid\/\" class=\"btn frontech-btn\"><span><\/span>Detalji<\/a>","protected":false},"featured_media":533,"template":"","meta":[],"product_brand":[],"product_cat":[351,216,352],"product_tag":[186,27,679,226,462,343,286,285,396,388,281,310,425,235,319,441,200,98,251,1024,1023,224,218,359,1022,1021,230,222,249,393,395,399,860,401,570,772,54,400,275,215,272,426,221,220,394,123],"class_list":{"0":"post-532","1":"product","2":"type-product","3":"status-publish","4":"has-post-thumbnail","6":"product_cat-deratizacija","7":"product_cat-herbicidi","8":"product_cat-zastita_bilja","9":"product_tag-agrar","10":"product_tag-agro","11":"product_tag-apoteka","12":"product_tag-behar","13":"product_tag-behardoo","14":"product_tag-bih","15":"product_tag-bosna","16":"product_tag-bosnia","17":"product_tag-chem","18":"product_tag-chemical","19":"product_tag-chromos","20":"product_tag-d-o-o","21":"product_tag-ddd","22":"product_tag-deratizacija","23":"product_tag-doo","24":"product_tag-dostava","25":"product_tag-farm","26":"product_tag-farma","27":"product_tag-farmer","28":"product_tag-glifol","29":"product_tag-glifosat","30":"product_tag-hemija","31":"product_tag-herbicid","32":"product_tag-hercegovina","33":"product_tag-hercules","34":"product_tag-herkules","35":"product_tag-koncentrat","36":"product_tag-korov","37":"product_tag-korova","38":"product_tag-kupi","39":"product_tag-maloprodaja","40":"product_tag-naruci","41":"product_tag-neselektivni","42":"product_tag-online","43":"product_tag-poljo","44":"product_tag-poljoapoteka","45":"product_tag-poljoprivreda","46":"product_tag-poruci","47":"product_tag-povrce","48":"product_tag-prskanje","49":"product_tag-sarajevo","50":"product_tag-shop","51":"product_tag-sistemicni","52":"product_tag-totalni","53":"product_tag-veleprodaja","54":"product_tag-voce","56":"first","57":"instock","58":"shipping-taxable","59":"product-type-external"},"jetpack_sharing_enabled":true,"_links":{"self":[{"href":"https:\/\/www.behardoo.ba\/index.php\/wp-json\/wp\/v2\/product\/532","targetHints":{"allow":["GET"]}}],"collection":[{"href":"https:\/\/www.behardoo.ba\/index.php\/wp-json\/wp\/v2\/product"}],"about":[{"href":"https:\/\/www.behardoo.ba\/index.php\/wp-json\/wp\/v2\/types\/product"}],"wp:featuredmedia":[{"embeddable":true,"href":"https:\/\/www.behardoo.ba\/index.php\/wp-json\/wp\/v2\/media\/533"}],"wp:attachment":[{"href":"https:\/\/www.behardoo.ba\/index.php\/wp-json\/wp\/v2\/media?parent=532"}],"wp:term":[{"taxonomy":"product_brand","embeddable":true,"href":"https:\/\/www.behardoo.ba\/index.php\/wp-json\/wp\/v2\/product_brand?post=532"},{"taxonomy":"product_cat","embeddable":true,"href":"https:\/\/www.behardoo.ba\/index.php\/wp-json\/wp\/v2\/product_cat?post=532"},{"taxonomy":"product_tag","embeddable":true,"href":"https:\/\/www.behardoo.ba\/index.php\/wp-json\/wp\/v2\/product_tag?post=532"}],"curies":[{"name":"wp","href":"https:\/\/api.w.org\/{rel}","templated":true}]}}