{"id":571,"date":"2025-03-12T10:26:38","date_gmt":"2025-03-12T09:26:38","guid":{"rendered":"https:\/\/www.behardoo.ba\/?post_type=product&#038;p=571"},"modified":"2025-03-12T10:26:44","modified_gmt":"2025-03-12T09:26:44","slug":"colla-sprej-temo-o-cid-ljepilo-protiv-insekata-u-spreju-600ml","status":"publish","type":"product","link":"https:\/\/www.behardoo.ba\/index.php\/product\/colla-sprej-temo-o-cid-ljepilo-protiv-insekata-u-spreju-600ml\/","title":{"rendered":"Colla Sprej TEMO-O-CID Ljepilo protiv insekata u spreju 600ml"},"content":{"rendered":"<p><b>TEMO-O-CID<\/b> je ljepilo za prskanje posebno za hvatanje lete\u0107ih i pu\u017eu\u0107ih insekata koji napadaju povrtnjak, vrt i unutra\u0161nje okru\u017eenje. Mo\u017ee se prskati na drvenasti dio debla drve\u0107a ili na panele koji se postavljaju tamo gdje insekti prolaze. Tako\u0111er, slu\u017ei za pripremu hromotropnih zamki za pra\u0107enje i hvatanje svih vrsta insekata u vo\u0107njacima, vinogradima, cvjetnim kultivacijama. Nova formulacija spreja spremnog za upotrebu \u010dini upotrebu proizvoda izuzetno jednostavnim. Na nano\u0161enju, isparavanje rastvara\u010da \u010dini proizvod netoksi\u010dnim. Ne su\u0161i se i zadr\u017eava svoje karakteristike \u010dak i kada je izlo\u017een atmosferskim agensima. Djeluje samo fizi\u010dkim djelovanjem.<\/p>\n<p>\ud83d\ude9a Tro\u0161ak dostave brzom po\u0161tom je <strong>9,00 KM<\/strong><\/p>\n<p>\u260e\ufe0f Za sve informacije nam pi\u0161ite, ili nas pozovite na: <strong>061221470<\/strong><\/p>\n","protected":false},"excerpt":{"rendered":"<p><b>TEMO-O-CID<\/b> je ljepilo za prskanje posebno za hvatanje lete\u0107ih i pu\u017eu\u0107ih insekata koji napadaju povrtnjak, vrt i unutra\u0161nje okru\u017eenje. Mo\u017ee se prskati na drvenasti dio debla drve\u0107a ili na panele koji se postavljaju tamo gdje insekti prolaze.<\/p>\n<a href=\"https:\/\/www.behardoo.ba\/index.php\/product\/colla-sprej-temo-o-cid-ljepilo-protiv-insekata-u-spreju-600ml\/\" class=\"btn frontech-btn\"><span><\/span>Detalji<\/a>","protected":false},"featured_media":572,"template":"","meta":[],"product_brand":[1082],"product_cat":[351,402,50,120,352],"product_tag":[145,186,27,226,462,343,286,285,1088,425,235,441,1086,1087,1085,359,513,516,838,1093,135,47,146,393,409,464,307,641,504,395,428,401,496,54,49,272,426,515,1089,549,1084,1083,345,344,1094,520,301,394,1091,1090,1092,512],"class_list":{"0":"post-571","1":"product","2":"type-product","3":"status-publish","4":"has-post-thumbnail","6":"product_brand-verdevivo","7":"product_cat-deratizacija","8":"product_cat-insekticidi-zastita_bilja","9":"product_cat-insekticidi","10":"product_cat-ostali-proizvodi","11":"product_cat-zastita_bilja","12":"product_tag-adama","13":"product_tag-agrar","14":"product_tag-agro","15":"product_tag-behar","16":"product_tag-behardoo","17":"product_tag-bih","18":"product_tag-bosna","19":"product_tag-bosnia","20":"product_tag-colla","21":"product_tag-ddd","22":"product_tag-deratizacija","23":"product_tag-dostava","24":"product_tag-drvece","25":"product_tag-drveta","26":"product_tag-drvo","27":"product_tag-hercegovina","28":"product_tag-hvataljka","29":"product_tag-info","30":"product_tag-insekata","31":"product_tag-insekta","32":"product_tag-insekti","33":"product_tag-insekticid","34":"product_tag-kollant","35":"product_tag-kupi","36":"product_tag-kupiti","37":"product_tag-kupovina","38":"product_tag-ljepilo","39":"product_tag-ljepljiva","40":"product_tag-ljepljive","41":"product_tag-maloprodaja","42":"product_tag-market","43":"product_tag-online","44":"product_tag-oprema","45":"product_tag-poljoprivreda","46":"product_tag-prirodno","47":"product_tag-sarajevo","48":"product_tag-shop","49":"product_tag-sluzba","50":"product_tag-spray","51":"product_tag-sprej","52":"product_tag-spreja","53":"product_tag-spreju","54":"product_tag-sredstva","55":"product_tag-sredstvo","56":"product_tag-stablo","57":"product_tag-stakor","58":"product_tag-stakori","59":"product_tag-veleprodaja","60":"product_tag-verde","61":"product_tag-verdevivo","62":"product_tag-vivo","63":"product_tag-zamka","65":"first","66":"instock","67":"shipping-taxable","68":"product-type-external"},"jetpack_sharing_enabled":true,"_links":{"self":[{"href":"https:\/\/www.behardoo.ba\/index.php\/wp-json\/wp\/v2\/product\/571","targetHints":{"allow":["GET"]}}],"collection":[{"href":"https:\/\/www.behardoo.ba\/index.php\/wp-json\/wp\/v2\/product"}],"about":[{"href":"https:\/\/www.behardoo.ba\/index.php\/wp-json\/wp\/v2\/types\/product"}],"wp:featuredmedia":[{"embeddable":true,"href":"https:\/\/www.behardoo.ba\/index.php\/wp-json\/wp\/v2\/media\/572"}],"wp:attachment":[{"href":"https:\/\/www.behardoo.ba\/index.php\/wp-json\/wp\/v2\/media?parent=571"}],"wp:term":[{"taxonomy":"product_brand","embeddable":true,"href":"https:\/\/www.behardoo.ba\/index.php\/wp-json\/wp\/v2\/product_brand?post=571"},{"taxonomy":"product_cat","embeddable":true,"href":"https:\/\/www.behardoo.ba\/index.php\/wp-json\/wp\/v2\/product_cat?post=571"},{"taxonomy":"product_tag","embeddable":true,"href":"https:\/\/www.behardoo.ba\/index.php\/wp-json\/wp\/v2\/product_tag?post=571"}],"curies":[{"name":"wp","href":"https:\/\/api.w.org\/{rel}","templated":true}]}}