{"id":594,"date":"2025-05-23T13:49:52","date_gmt":"2025-05-23T11:49:52","guid":{"rendered":"https:\/\/www.behardoo.ba\/?post_type=product&#038;p=594"},"modified":"2025-05-23T13:51:19","modified_gmt":"2025-05-23T11:51:19","slug":"dioxy-activ-supra-farm-koncentrat-1l","status":"publish","type":"product","link":"https:\/\/www.behardoo.ba\/index.php\/product\/dioxy-activ-supra-farm-koncentrat-1l\/","title":{"rendered":"Dioxy Activ Supra FARM koncentrat 1L"},"content":{"rendered":"<p>Te\u010dno koncentrovano sredstvo za brzu, efikasnu i produ\u017eenu dezinfekciju u primarnoj i sekundarnoj sto\u010darskoj proizvodnji na bazi hlordioksida.<\/p>\n<p>Priroda posla (manipulacija sa \u017eivotinjama, hranom, opremom, jajima, itd.) te kontakti ljudi (uposlenici, posjetioci, serviseri opreme,itd.) \u010dine farme \u017eivotinja vrlo ranjivim za \u0161irenje bolesti sa \u017eivotinje na \u017eivotinju, sa farme na farmu, sa podru\u010dja na podru\u010dje, stoga treba redovito provoditi preventivne mjere. Dezinfekcija je jedna od njih i uvijek obuhvata kombinaciju \u010di\u0161\u0107enje i same dezinfekcije zbog toga \u0161to \u0107e velike koli\u010dine organskih tvari prisutnih neutralizirati svaki dezinficijens ukoliko prije nije provedeno temeljito \u010di\u0161\u0107enje.<\/p>\n<p>EKOLO\u0160KI PRIHVATLJIVA FORMULACIJA PREPARATA ZA DEZINFEKCIJU<\/p>\n<p>SIGURAN ZA PRIMJENU, NEMA OPASNOSTI OD TROVANJA LJUDI I \u017dIVOTINJA<\/p>\n<p>BRZO I U\u010cINKOVITO UNI\u0160TAVA SVE VRSTE PATOGENIH ORGANIZAMA (BAKTERIJE, VIRUSE, GLJIVICE, ALGE)<\/p>\n<p>PRILIKOM PRIMJENE NIJE POTREBNA ZA\u0160TITNA OPREMA APLIKATORA<\/p>\n<p>NE POKAZUJE ABRAZIVNOST NITI O\u0160TE\u0106UJE MATERIJALE KOJI SU ISTIM TRETIRANI<\/p>\n<p>SUPERIORAN U ODNOSU NA OSTALE DEZINFICIJENSE SA DOKAZANIM U\u010cINKOM<\/p>\n<p>NAKON PRIMJENE NE ZAHTJEVA PONOVNO SPIRANJE TRETIRANIH MATERIJALA I POVR\u0160INA<\/p>\n<p><strong>Mjesto primjene:<\/strong><\/p>\n<p>objekti za uzgoj i smje\u0161taj \u017eivotinja;<\/p>\n<p>hranilice, pojilice i posude;<\/p>\n<p>oprema i ure\u0111aji koji se prenose iz jedne grupe \u017eivotinje u drugu ili iz jedne prostorije u drugu;<\/p>\n<p>papci i oprema za korekciju papaka;<\/p>\n<p>povr\u0161inske ozljeda, ogrebotine i ubodi;<\/p>\n<p>poro\u0111ajni boksovi i boksovi za mladun\u010dad;<\/p>\n<p>transportna oprema i vozila;<\/p>\n<p>u dezbarijerama;<\/p>\n<p>valionice; inkubatori; konzumna i rasplodna jaja; zrak u valionicama;<\/p>\n<p>klaonice (objekat, ma\u0161ine, pribor i posude, radne povr\u0161ine, hladnja\u010de);<\/p>\n<p>proizvodnja mlijeka (vimena, izmuzi\u0161ta, muzni ure\u0111aji, laktofrizi, mljekovodi, radne povr\u0161ine, oprema i posude);<\/p>\n<p>voda;<\/p>\n<p>ruke<\/p>\n<p><strong>Tretiranjem sa Dioxy Activ Supra FARM posti\u017eemo:<\/strong><\/p>\n<p>Kvalitet<\/p>\n<p>Smanjenje stope mortaliteta tokom uzgoja<\/p>\n<p>\ud83d\ude9a Tro\u0161ak dostave brzom po\u0161tom je <strong>9,00 KM<\/strong><br \/>\n\u260e\ufe0f Za sve informacije nam pi\u0161ite, ili nas pozovite na: <strong>061221470<\/strong><\/p>\n","protected":false},"excerpt":{"rendered":"<p>Te\u010dno koncentrovano sredstvo za brzu, efikasnu i produ\u017eenu dezinfekciju u primarnoj i sekundarnoj sto\u010darskoj proizvodnji na bazi hlordioksida.<\/p>\n<a href=\"https:\/\/www.behardoo.ba\/index.php\/product\/dioxy-activ-supra-farm-koncentrat-1l\/\" class=\"btn frontech-btn\"><span><\/span>Detalji<\/a>","protected":false},"featured_media":595,"template":"","meta":[],"product_brand":[1118],"product_cat":[351,152,120],"product_tag":[609,186,27,226,462,343,286,285,396,388,1123,310,425,235,158,608,319,441,200,98,251,224,359,164,628,1122,135,47,1119,1120,230,393,395,399,401,1121,54,215,272,426,610,394,94],"class_list":{"0":"post-594","1":"product","2":"type-product","3":"status-publish","4":"has-post-thumbnail","6":"product_brand-itr","7":"product_cat-deratizacija","8":"product_cat-dezinfekcija","9":"product_cat-ostali-proizvodi","10":"product_tag-activ","11":"product_tag-agrar","12":"product_tag-agro","13":"product_tag-behar","14":"product_tag-behardoo","15":"product_tag-bih","16":"product_tag-bosna","17":"product_tag-bosnia","18":"product_tag-chem","19":"product_tag-chemical","20":"product_tag-chlordioxy","21":"product_tag-d-o-o","22":"product_tag-ddd","23":"product_tag-deratizacija","24":"product_tag-dezinfekcija","25":"product_tag-dioxy","26":"product_tag-doo","27":"product_tag-dostava","28":"product_tag-farm","29":"product_tag-farma","30":"product_tag-farmer","31":"product_tag-hemija","32":"product_tag-hercegovina","33":"product_tag-hlor","34":"product_tag-hlordioksid","35":"product_tag-hlordioxy","36":"product_tag-insekti","37":"product_tag-insekticid","38":"product_tag-kokosi","39":"product_tag-kokosinjac","40":"product_tag-koncentrat","41":"product_tag-kupi","42":"product_tag-maloprodaja","43":"product_tag-naruci","44":"product_tag-online","45":"product_tag-pilici","46":"product_tag-poljoprivreda","47":"product_tag-prskanje","48":"product_tag-sarajevo","49":"product_tag-shop","50":"product_tag-supra","51":"product_tag-veleprodaja","52":"product_tag-zastita","54":"first","55":"instock","56":"shipping-taxable","57":"product-type-external"},"jetpack_sharing_enabled":true,"_links":{"self":[{"href":"https:\/\/www.behardoo.ba\/index.php\/wp-json\/wp\/v2\/product\/594","targetHints":{"allow":["GET"]}}],"collection":[{"href":"https:\/\/www.behardoo.ba\/index.php\/wp-json\/wp\/v2\/product"}],"about":[{"href":"https:\/\/www.behardoo.ba\/index.php\/wp-json\/wp\/v2\/types\/product"}],"wp:featuredmedia":[{"embeddable":true,"href":"https:\/\/www.behardoo.ba\/index.php\/wp-json\/wp\/v2\/media\/595"}],"wp:attachment":[{"href":"https:\/\/www.behardoo.ba\/index.php\/wp-json\/wp\/v2\/media?parent=594"}],"wp:term":[{"taxonomy":"product_brand","embeddable":true,"href":"https:\/\/www.behardoo.ba\/index.php\/wp-json\/wp\/v2\/product_brand?post=594"},{"taxonomy":"product_cat","embeddable":true,"href":"https:\/\/www.behardoo.ba\/index.php\/wp-json\/wp\/v2\/product_cat?post=594"},{"taxonomy":"product_tag","embeddable":true,"href":"https:\/\/www.behardoo.ba\/index.php\/wp-json\/wp\/v2\/product_tag?post=594"}],"curies":[{"name":"wp","href":"https:\/\/api.w.org\/{rel}","templated":true}]}}