{"id":72,"date":"2021-06-08T20:03:00","date_gmt":"2021-06-08T18:03:00","guid":{"rendered":"http:\/\/www.behardoo.ba\/?post_type=product&#038;p=72"},"modified":"2021-11-04T13:47:21","modified_gmt":"2021-11-04T12:47:21","slug":"em-5-1l","status":"publish","type":"product","link":"https:\/\/www.behardoo.ba\/index.php\/product\/em-5-1l\/","title":{"rendered":"EM-5 1L"},"content":{"rendered":"<p><span style=\"color: #99cc00;\"><strong>EM 5<\/strong><\/span> se sastoji od prirodnih sastojaka fermentiranih efektivnih mikroorganizama (EM) koji ja\u010daju biljke u brobi protiv gljivica, bolesti, utjecaja insekata kao i patogenih bakterija u tlu.<\/p>\n<p><strong>SASTAV:<\/strong> Efektivni mikroorganizmi (EM-1), melasa, kopriva, \u010de\u0161njak, ljuta pari\u010dica, ocat i alkohol<\/p>\n<p><strong>PRIMJENA:<\/strong> U cilju sprje\u010davanja bolesti i \u0161tetnika EM 5 direktno prskati na biljke u omjeru 2 L\/ha (razrjediti vodom u omjeru najmanje 1:200). Ako pripremate EM 5 sa EM Agro, onda ide u omjeru: 2L EM 5 + 40 L EM Agro + 400 L vode\/ha (npr. 5 ml na 1 L vode). Sustavno kori\u0161tenje poma\u017ee biljkama u borbi protiv bolesti i \u0161tetnika.<\/p>\n<p><em><strong>Sredstvo je prirodno i nema karencu<\/strong><\/em><\/p>\n<p><strong>NAPOMENE:<\/strong><br \/>\n&#8211; Ne koristiti sa pesticidima i umjetnim gnjojivima<br \/>\n&#8211; Prije upotrebe sadr\u017eaj protresti<br \/>\n&#8211; Koristiti finu mlaznicu (prskalicu)<\/p>\n<p>EM 5 je sredstvo koje uz ja\u010danje biljke poti\u010de njenu otpornost u borbi protiv bolesti i nametnika. Zdrava i sna\u017ena biljka mo\u017ee se nositi sa ve\u010dinom poznatih bolesti i nametnika. Samo u rijetkim slu\u010dajevima ako se i pored primjene efektivnih mikroorganizama pojavi bolest ili nametnik, potrebno je primjeniti uobi\u010dajena za\u0161titna sredstva.<\/p>\n<p><em><strong>**Sredstvo je potpuno prirodno i ne sadr\u017ei GMO**<\/strong><\/em><\/p>\n","protected":false},"excerpt":{"rendered":"<p><span style=\"color: #99cc00;\"><strong>EM 5<\/strong><\/span> se sastoji od prirodnih sastojaka fermentiranih efektivnih mikroorganizama (EM) koji ja\u010daju biljke u brobi protiv gljivica, bolesti, utjecaja insekata kao i patogenih bakterija u tlu.<\/p>\n<p><em><strong>**Sredstvo je potpuno prirodno i ne sadr\u017ei GMO**<\/strong><\/em><\/p>\n<a href=\"https:\/\/www.behardoo.ba\/index.php\/product\/em-5-1l\/\" class=\"btn frontech-btn\"><span><\/span>Detalji<\/a>","protected":false},"featured_media":74,"template":"","meta":[],"product_brand":[],"product_cat":[21,201,216,50],"product_tag":[22,46,26,47,28,49,48],"class_list":{"0":"post-72","1":"product","2":"type-product","3":"status-publish","4":"has-post-thumbnail","6":"product_cat-emro-program","7":"product_cat-fungicidi","8":"product_cat-herbicidi","9":"product_cat-insekticidi","10":"product_tag-em","11":"product_tag-em-5","12":"product_tag-emro","13":"product_tag-insekticid","14":"product_tag-organsko","15":"product_tag-prirodno","16":"product_tag-repelent","18":"first","19":"instock","20":"shipping-taxable","21":"product-type-external"},"jetpack_sharing_enabled":true,"_links":{"self":[{"href":"https:\/\/www.behardoo.ba\/index.php\/wp-json\/wp\/v2\/product\/72","targetHints":{"allow":["GET"]}}],"collection":[{"href":"https:\/\/www.behardoo.ba\/index.php\/wp-json\/wp\/v2\/product"}],"about":[{"href":"https:\/\/www.behardoo.ba\/index.php\/wp-json\/wp\/v2\/types\/product"}],"wp:featuredmedia":[{"embeddable":true,"href":"https:\/\/www.behardoo.ba\/index.php\/wp-json\/wp\/v2\/media\/74"}],"wp:attachment":[{"href":"https:\/\/www.behardoo.ba\/index.php\/wp-json\/wp\/v2\/media?parent=72"}],"wp:term":[{"taxonomy":"product_brand","embeddable":true,"href":"https:\/\/www.behardoo.ba\/index.php\/wp-json\/wp\/v2\/product_brand?post=72"},{"taxonomy":"product_cat","embeddable":true,"href":"https:\/\/www.behardoo.ba\/index.php\/wp-json\/wp\/v2\/product_cat?post=72"},{"taxonomy":"product_tag","embeddable":true,"href":"https:\/\/www.behardoo.ba\/index.php\/wp-json\/wp\/v2\/product_tag?post=72"}],"curies":[{"name":"wp","href":"https:\/\/api.w.org\/{rel}","templated":true}]}}