{"id":80,"date":"2021-06-09T18:33:45","date_gmt":"2021-06-09T16:33:45","guid":{"rendered":"http:\/\/www.behardoo.ba\/?post_type=product&#038;p=80"},"modified":"2024-06-27T09:48:20","modified_gmt":"2024-06-27T07:48:20","slug":"neemraj-supreme-nim-ulje-250ml","status":"publish","type":"product","link":"https:\/\/www.behardoo.ba\/index.php\/product\/neemraj-supreme-nim-ulje-250ml\/","title":{"rendered":"Neemraj Supreme (Nim ulje) 250ml"},"content":{"rendered":"<p><span style=\"color: #bfbf13;\"><strong>Neemraj Supreme<\/strong><\/span> je prirodni netoksi\u010dni insekticid 100% biorazgradiv i siguran za okoli\u0161 i ljude. Djeluje na preko 600 vrsta insekata i \u0161teto\u010dina. Mo\u017ee se koristiti za sve insekte i usjeve.<\/p>\n<p><strong>Primjena:<\/strong><br \/>\nGotovu formulaciju dodati u vodu. U slu\u010daju velike populacije insekata i \u0161teto\u010dina, dodajte ve\u0107u koncentraciju sredstva.<\/p>\n<p>Velike povr\u0161ine: 1-1,5 litara formulacije na 500 litara vode za povr\u0161inu od 1 hektar<br \/>\nMale povr\u0161ine: 2-3 ml formulacije na 1 litar vode<br \/>\nUkrasno cvije\u0107e: 5ml formulacije na 1 litar vode<\/p>\n<p><em><strong>Sredstvo je prirodno, ne sadr\u017ei GMO i nema karencu<\/strong><\/em><\/p>\n","protected":false},"excerpt":{"rendered":"<p><span style=\"color: #b3b312;\"><strong>Neemraj Supreme<\/strong><\/span> je prirodni netoksi\u010dni insekticid 100% biorazgradiv i siguran za okoli\u0161 i ljude. Djeluje na preko 600 vrsta insekata i \u0161teto\u010dina. Mo\u017ee se koristiti za sve insekte i usjeve.<\/p>\n<p><strong>Primjena:<\/strong><br \/>\nGotovu formulaciju dodati u vodu. U slu\u010daju velike populacije insekata i \u0161teto\u010dina, dodajte ve\u0107u koncentraciju sredstva.<\/p>\n<p>Velike povr\u0161ine: 1-1,5 litara formulacije na 500 litara vode za povr\u0161inu od 1 hektar<br \/>\nMale povr\u0161ine: 2-3 ml formulacije na 1 litar vode<br \/>\nUkrasno cvije\u0107e: 5ml formulacije na 1 litar vode<\/p>\n<p><em><strong>Sredstvo je prirodno, ne sadr\u017ei GMO i nema karencu<\/strong><\/em><\/p>\n<a href=\"https:\/\/www.behardoo.ba\/index.php\/product\/neemraj-supreme-nim-ulje-250ml\/\" class=\"btn frontech-btn\"><span><\/span>Detalji<\/a>","protected":false},"featured_media":81,"template":"","meta":[],"product_brand":[],"product_cat":[21,402,50,352],"product_tag":[53,47,51,55,28,54,49,56,48,52],"class_list":{"0":"post-80","1":"product","2":"type-product","3":"status-publish","4":"has-post-thumbnail","6":"product_cat-emro-program","7":"product_cat-insekticidi-zastita_bilja","8":"product_cat-insekticidi","9":"product_cat-zastita_bilja","10":"product_tag-250ml","11":"product_tag-insekticid","12":"product_tag-neemraj","13":"product_tag-organska","14":"product_tag-organsko","15":"product_tag-poljoprivreda","16":"product_tag-prirodno","17":"product_tag-proizvodnja","18":"product_tag-repelent","19":"product_tag-supreme","21":"first","22":"instock","23":"shipping-taxable","24":"product-type-external"},"jetpack_sharing_enabled":true,"_links":{"self":[{"href":"https:\/\/www.behardoo.ba\/index.php\/wp-json\/wp\/v2\/product\/80","targetHints":{"allow":["GET"]}}],"collection":[{"href":"https:\/\/www.behardoo.ba\/index.php\/wp-json\/wp\/v2\/product"}],"about":[{"href":"https:\/\/www.behardoo.ba\/index.php\/wp-json\/wp\/v2\/types\/product"}],"wp:featuredmedia":[{"embeddable":true,"href":"https:\/\/www.behardoo.ba\/index.php\/wp-json\/wp\/v2\/media\/81"}],"wp:attachment":[{"href":"https:\/\/www.behardoo.ba\/index.php\/wp-json\/wp\/v2\/media?parent=80"}],"wp:term":[{"taxonomy":"product_brand","embeddable":true,"href":"https:\/\/www.behardoo.ba\/index.php\/wp-json\/wp\/v2\/product_brand?post=80"},{"taxonomy":"product_cat","embeddable":true,"href":"https:\/\/www.behardoo.ba\/index.php\/wp-json\/wp\/v2\/product_cat?post=80"},{"taxonomy":"product_tag","embeddable":true,"href":"https:\/\/www.behardoo.ba\/index.php\/wp-json\/wp\/v2\/product_tag?post=80"}],"curies":[{"name":"wp","href":"https:\/\/api.w.org\/{rel}","templated":true}]}}